{"id":2195,"date":"2024-08-17T16:35:00","date_gmt":"2024-08-17T14:35:00","guid":{"rendered":"https:\/\/mmtest1.top\/?post_type=product&#038;p=2195"},"modified":"2024-08-17T16:35:00","modified_gmt":"2024-08-17T14:35:00","slug":"organicky-aromaterapeuticky-balzam","status":"publish","type":"product","link":"https:\/\/mmtest1.top\/?product=organicky-aromaterapeuticky-balzam","title":{"rendered":"Organick\u00fd aromaterapeutick\u00fd balzam"},"content":{"rendered":"<p><strong>Poko\u017eka deti\u010diek, zvl\u00e1\u0161\u0165 novorodencov a batoliat do veku dvoch rokov, si vy\u017eaduje \u0161peci\u00e1lnu starostlivos\u0165.<\/strong>\u00a0Krehk\u00e1 detsk\u00e1 poko\u017eka toti\u017e\u00a0<strong>m\u00f4\u017ee na r\u00f4zne podnety reagova\u0165<\/strong>\u00a0precitlivelo \u010di inak, ne\u017e poko\u017eka v\u00e4\u010d\u0161\u00edch deti\u010diek alebo n\u00e1s, dospel\u00fdch. Preto rovnako ako zara\u010fovanie r\u00f4znych druhov potrav\u00edn do jed\u00e1lni\u010dka ratolesti, aj\u00a0<strong>spr\u00e1vny v\u00fdber prv\u00fdch kozmetick\u00fdch produktov na starostlivos\u0165 o poko\u017eku die\u0165atka je nesmierne d\u00f4le\u017eit\u00fd<\/strong>. Pre extra jemn\u00fa, av\u0161ak \u00fa\u010dinn\u00fa starostlivos\u0165 sme vyvinuli ucelen\u00fd rad produktov pre deti\u010dky s n\u00e1zvom Babyphoria.<br \/>\nTento rad sa vyzna\u010duje\u00a0<strong>starostlivo vyberan\u00fdm zlo\u017een\u00edm s oh\u013eadom na ochranu a podporu prirodzen\u00fdch funkci\u00ed detskej poko\u017eky<\/strong>. Neobsahuje sulf\u00e1ty, silik\u00f3ny, parab\u00e9ny, \u017eiadne ropn\u00e9 deriv\u00e1ty ani in\u00e9 syntetick\u00e9 zlo\u017eky, farbiv\u00e1 \u010di parfum\u00e1ciu. Presne tie by sa mali poko\u017eke V\u00e1\u0161ho die\u0165a\u0165a ve\u013ek\u00fdm obl\u00fakom vyh\u00fdba\u0165 \ud83d\ude42\u00a0<strong>Pre zdrav\u00e9 napredovanie a ka\u017edodenn\u00e9 o\u0161etrovanie toti\u017e citliv\u00e1 detsk\u00e1 poko\u017eka nepotrebuje ve\u013ea a to najlep\u0161ie z toho, \u010do je pre \u0148u prospe\u0161n\u00e9, n\u00e1jdete v produktoch Babyphoria<\/strong>.\u00a0 V\u00fd\u017eivn\u00e9 balzamy tohto radu boli navy\u0161e\u00a0<strong>zvl\u00e1\u0161\u0165 testovan\u00e9 akreditovanou in\u0161tit\u00faciou vo Franc\u00fazsku<\/strong>, aby sme mali skuto\u010dn\u00fa istotu, \u017ee\u00a0<strong>Va\u0161im najmil\u0161\u00edm pon\u00fakame len a len to najlep\u0161ie \ud83d\ude42<\/strong><\/p>\n<p><strong>HLAVN\u00c9 ZLO\u017dKY<\/strong><br \/>\n&gt;\u00a0<strong>bambuck\u00e9 a kakaov\u00e9 maslo \u2013\u00a0<\/strong>ide\u00e1lny z\u00e1klad aromaterapeutick\u00e9ho balzamu a z\u00e1rove\u0148 v\u00fdborn\u00fd nosi\u010d pre obsiahnut\u00e9 vonn\u00e9 oleje<br \/>\n&gt;\u00a0<strong>aromaterapeutick\u00e1 zmes esenci\u00e1lnych olejov<\/strong>\u00a0\u2013 starostlivo formulovan\u00e1 pre citliv\u00fd detsk\u00fd no\u0161tek a poko\u017eku z\u00e1rove\u0148, pom\u00e1ha uvo\u013eni\u0165 upchat\u00fd nosc, podporuje \u013eah\u0161ie d\u00fdchanie a t\u00fdm navodzuje tie\u017e pr\u00edjemn\u00fd a pokojn\u00fd sp\u00e1nok<\/p>\n<p><strong>OBSAH<\/strong><br \/>\n50ml<\/p>\n<p><strong>N\u00c1\u0160 TIP<\/strong><br \/>\n\u00da\u010dinok Aromaterapeutick\u00e9ho balzamu Babyphoria m\u00f4\u017eete umocni\u0165 a zosilni\u0165 pomocou zap\u00e1lenia Aromaterapeutickej svie\u010dky \u010di pridania p\u00e1r kvapiek Aromaterapeutickej zmesi Pre pohodu deti\u010diek do aromalampy \u010di difuz\u00e9ra.<\/p>\n<p><strong>ODPOR\u00da\u010cAME KOMBINOVA\u0164<\/strong><br \/>\nV\u00fdrobky ed\u00edcie Babyphoria s\u00fa starostlivo navrhnut\u00e9 tak, aby sa navz\u00e1jom dop\u013a\u0148ali. Odpor\u00fa\u010dame ich kombinova\u0165 medzi sebou a vyh\u00fdba\u0165 sa s\u00fa\u010dasn\u00e9mu pou\u017e\u00edvaniu komer\u010dn\u00fdch kozmetick\u00fdch produktov, ktor\u00e9 ich \u00fa\u010dinnos\u0165 m\u00f4\u017eu ovplyv\u0148ova\u0165.<\/p>\n<p><strong>V\u00d4\u0147A V\u00ddROBKU<\/strong><br \/>\nZa svoju ve\u013emi jemn\u00fa a nevtierav\u00fa v\u00f4\u0148u v\u010fa\u010d\u00ed balzam obsiahnut\u00fdm esenci\u00e1lnym olejom.<\/p>\n<p><strong>FARBA V\u00ddROBKU<\/strong><br \/>\nV\u00fdrobok neobsahuje pridan\u00e9 farbiv\u00e1. Farba v\u00fdrobku je prirodzene biela a\u017e maslov\u00e1 v\u010faka vysok\u00e9mu obsahu organick\u00fdch masiel a oxidu zino\u010dnat\u00e9ho.<\/p>\n<p><strong>KONZISTENCIA V\u00ddROBKU<\/strong><br \/>\nBalzamov\u00e1 konzistencia je na prv\u00fd poh\u013ead tuh\u00e1, dotykom prstov sa v\u0161ak men\u00ed na poddajn\u00fd, \u013eahko roztierate\u013en\u00fd olejov\u00fd kr\u00e9mik, ktor\u00fd na poko\u017eke zanech\u00e1va ve\u013emi jemn\u00fa, ale \u00fa\u010dinn\u00fa ochrann\u00fa vrstvi\u010dku.<\/p>\n<p><strong>KONZERVA\u010cN\u00dd SYST\u00c9M V\u00ddROBKU A DOBA POU\u017dITIA<\/strong><br \/>\nV\u00fdrobok bez obsahu vody neobsahuje pridan\u00e9 konzerva\u010dn\u00e9 l\u00e1tky a predsa je stabiln\u00fd. Dbajte v\u0161ak na adekv\u00e1tnu hygienu a v\u00fdrobok aplikujte len \u010dist\u00fdmi a such\u00fdmi prstami, aby sa zamedzilo jeho zaneseniu.<br \/>\nPo otvoren\u00ed odpor\u00fa\u010dame v\u00fdrobok spotrebova\u0165 do 9 mesiacov.<\/p>\n<p><strong>OBAL V\u00ddROBKU A N\u00c1VRH NA RECYKL\u00c1CIU<\/strong><br \/>\nProdukt je balen\u00fd v ekologickom sklenom obale s praktick\u00fdm PET uz\u00e1verom. Sklo predstavuje odoln\u00fd inertn\u00fd materi\u00e1l, v\u010faka \u010domu je obsah v\u00fdrobku chr\u00e1nen\u00fd. Navy\u0161e je sklen\u00e9 balenie mo\u017en\u00e9 op\u00e4tovne vyu\u017ei\u0165 v dom\u00e1cnosti alebo plnohodnotne recyklova\u0165.<br \/>\nObal v\u00fdrobku je vratn\u00fd v r\u00e1mci n\u00e1\u0161ho recykla\u010dn\u00e9ho programu.<br \/>\nV pr\u00edpade, \u017ee sa rozhodnete obal v\u00fdrobku vyhodi\u0165, po oddelen\u00ed PET uz\u00e1veru ho vho\u010fte do zelen\u00e9ho kontajnera ur\u010den\u00e9ho na zber sklen\u00e9ho odpadu.<\/p>\n<p><strong>APLIK\u00c1CIA<\/strong><br \/>\nPrimeran\u00e9 mno\u017estvo v\u00fdrobku naneste kr\u00fa\u017eiv\u00fdmi pohybmi na poko\u017eku v oblasti hrudn\u00edka a nechajte vstreba\u0165.<\/p>\n<p><strong>UPOZORNENIA<\/strong><br \/>\nUr\u010den\u00e9 na pou\u017eitie pod\u013ea potreby. Len na vonkaj\u0161ie pou\u017eitie. Uchov\u00e1vajte mimo dosahu det\u00ed. Skladujte na chladnom a suchom mieste, pri teplote do +30\u00b0C a nevystavujte priamemu slne\u010dn\u00e9mu \u017eiareniu a mrazu. Nepou\u017e\u00edva\u0165 na otvoren\u00e9 rany. Vyhnite sa oblasti o\u010d\u00ed. Pri zasiahnut\u00ed o\u010d\u00ed vyplachujte vla\u017enou vodou po dobu minim\u00e1lne 15 min\u00fat bez preru\u0161enia smerom od vn\u00fatorn\u00e9ho k\u00fatika k vonkaj\u0161iemu (v pr\u00edpade nosenia kontaktn\u00fdch \u0161o\u0161oviek ich odstr\u00e1ni\u0165 vopred). Ak d\u00f4jde k podr\u00e1\u017edeniu, vyh\u013eadajte lek\u00e1rsku pomoc.<br \/>\nPred prv\u00fdm pou\u017eit\u00edm sa odpor\u00fa\u010da previes\u0165 tzv. Patch test, t. j. aplikova\u0165 a otestova\u0165 kozmetick\u00fd pr\u00edpravok na jeho zn\u00e1\u0161anlivos\u0165 na malej pl\u00f4\u0161ke poko\u017eky, najlep\u0161ie na z\u00e1p\u00e4st\u00ed a po\u010dka\u0165 24h. Touto met\u00f3dou sa m\u00f4\u017ee pred\u00eds\u0165 n\u00e1stupu alergick\u00fdch reakci\u00ed a precitlivenosti na dan\u00fd v\u00fdrobok. Ak po aplik\u00e1cii sa prejav\u00ed alergick\u00e1 reakcia, povrch poko\u017eky zmyte vla\u017enou vodou. V\u00fdrobok okam\u017eite presta\u0148te pou\u017e\u00edva\u0165. Ak alergick\u00e1 reakcia pretrv\u00e1 po dlh\u0161iu dobu vyh\u013eadajte lek\u00e1rsku pomoc.<\/p>\n<p><strong>ZLO\u017dENIE<\/strong><br \/>\nHelianthus Annuus Seed Oil (slne\u010dnicov\u00fd olej)*, Butyrospermum Parkii Butter (bambuck\u00e9 maslo)*, Olea Europa Fruit Oil (olivov\u00fd olej)*, Theobroma Cacao Seed Butter (kakaov\u00e9 maslo)*, Cetearyl Alcohol (emulga\u010dn\u00e1 zlo\u017eka rastlinn\u00e9ho p\u00f4vodu), Rosmarinus Officinalis Leaf Oil (Rozmar\u00edn lek\u00e1rsky)*, Pinus Sylvestris Leaf Oil (Borovica lesn\u00e1)*, Citrus Sinensis Peel Oil (Citr\u00f3novn\u00edk pomaran\u010dov\u00fd)*, Mentha Spicata Crispa Leaf Oil (M\u00e4ta ku\u010derav\u00e1)*, Zingiber Officinale Oil (\u010eumbier lek\u00e1rsky)*, Lecithin (s\u00f3jov\u00fd vosk), Eugenol***, Citronellol***, Geraniol***, Limonene***, Linalool***, Citral***<br \/>\n*certifikovan\u00e1 organick\u00e1 zlo\u017eka<br \/>\n***vyskytuj\u00face sa prirodzene v esenci\u00e1lnych olejoch a pr\u00edrodn\u00fdch v\u00f4\u0148ach<\/p>\n","protected":false},"excerpt":{"rendered":"<p><strong>U\u013eah\u010denie d\u00fdchania a uvo\u013enenie upchat\u00e9ho nosa m\u00f4\u017ee by\u0165 v pr\u00edpade prechladnutia na\u0161ich najmen\u0161\u00edch skuto\u010dne n\u00e1ro\u010dnou v\u00fdzvou.<\/strong>\u00a0Netreba v\u0161ak hne\u010f siaha\u0165 po v\u0161etk\u00fdch \u201ebabsk\u00fdch rad\u00e1ch\u201c \ud83d\ude42 Svojmu drobcovi\u00a0<strong>m\u00f4\u017eete jednoducho u\u013eavi\u0165 aj v\u010faka organick\u00e9mu balzam\u010deku vytvoren\u00e9mu vyslovene z najkvalitnej\u0161\u00edch pr\u00edrodn\u00fdch surov\u00edn<\/strong>. Pr\u00edrodn\u00fd aromaterapeutick\u00fd balzam\u00a0<strong>s blahodarn\u00fdmi bylinn\u00fdmi extraktmi a organick\u00fdmi esenci\u00e1lnymi olejmi podporuje \u013eah\u0161ie a r\u00fdchlej\u0161ie uvo\u013enenie d\u00fdchac\u00edch ciest a upchat\u00e9ho nosa<\/strong>, v\u010faka \u010domu upokojuj\u00fa d\u00fdchanie a sp\u00e1nok ratolest\u00ed.<\/p>\n<p><strong>Aromaterapeutick\u00fd balzam je ide\u00e1lnou vo\u013ebou pre podporu upokojenia probl\u00e9mov s d\u00fdchan\u00edm a zasp\u00e1van\u00edm na\u0161ich najmen\u0161\u00edch pri prechladnut\u00ed a in\u00fdch d\u00fdchac\u00edch \u0165a\u017ekostiach.<\/strong><\/p>\n<p>&gt; extra jemn\u00e9 pr\u00edrodn\u00e9 veg\u00e1nske zlo\u017eenie vytvoren\u00e9 \u0161peci\u00e1lne pre potreby citliv\u00e9ho detsk\u00e9ho organizmu a jemnej poko\u017eky<br \/>\n&gt; bambuck\u00e9 a kakaov\u00e9 maslo upokojuj\u00fa podr\u00e1\u017edenie, zjem\u0148uj\u00fa poko\u017eku a podporuj\u00fa jej regener\u00e1ciu, z\u00e1rove\u0148 v kombin\u00e1cii s vybran\u00fdmi rastlinn\u00fdmi olejmi tvoria ide\u00e1lny nosn\u00fd z\u00e1klad pre \u00e9terick\u00e9 oleje<br \/>\n&gt; organick\u00e9 vonn\u00e9 oleje vo forme silice z rozmar\u00ednu, borovice, pomaran\u010da, m\u00e4ty a z\u00e1zvoru u\u013eah\u010duj\u00fa a podporuj\u00fa d\u00fdchanie, uvo\u013e\u0148uj\u00fa upchat\u00fd nos<br \/>\n&gt; jemn\u00e1 text\u00fara sa pri styku s poko\u017ekou men\u00ed na \u013eahu\u010dko roztierate\u013en\u00fd kr\u00e9mik, ktor\u00fd po aplik\u00e1cii zanech\u00e1va jemn\u00fd olejovo-mlie\u010dny ochrann\u00fd film<\/p>\n<div id=\"gtx-trans\">\n<div class=\"gtx-trans-icon\">\n<div>\n<div class=\"gtx-trans-icon\">\n<p>\u00a0&gt; VEGAN DETSK\u00dd KR\u00c9M<br \/>\n&gt; PRE PODPORU UVO\u013dNENIA D\u00ddCHAC\u00cdCH CIEST<br \/>\n&gt; S AROMETAREPEUTICK\u00ddMI \u00da\u010cINKAMI<br \/>\n&gt; U\u013dAH\u010cUJE ZASP\u00c1VANIE<\/p>\n<\/div>\n<\/div>\n<\/div>\n<\/div>\n<h4><strong>\u00a0 TESTOVAN\u00c9 AKREDITOVANOU IN\u0160TIT\u00daCIOU VO FRANC\u00daZSKU\u00a0\u00a0<\/strong><\/h4>\n<p>50ml<\/p>\n","protected":false},"featured_media":2196,"comment_status":"open","ping_status":"closed","template":"","meta":{"site-sidebar-layout":"default","site-content-layout":"","ast-site-content-layout":"default","site-content-style":"default","site-sidebar-style":"default","ast-global-header-display":"","ast-banner-title-visibility":"","ast-main-header-display":"","ast-hfb-above-header-display":"","ast-hfb-below-header-display":"","ast-hfb-mobile-header-display":"","site-post-title":"","ast-breadcrumbs-content":"","ast-featured-img":"","footer-sml-layout":"","theme-transparent-header-meta":"default","adv-header-id-meta":"","stick-header-meta":"","header-above-stick-meta":"","header-main-stick-meta":"","header-below-stick-meta":"","astra-migrate-meta-layouts":"set","ast-page-background-enabled":"default","ast-page-background-meta":{"desktop":{"background-color":"var(--ast-global-color-4)","background-image":"","background-repeat":"repeat","background-position":"center center","background-size":"auto","background-attachment":"scroll","background-type":"","background-media":"","overlay-type":"","overlay-color":"","overlay-opacity":"","overlay-gradient":""},"tablet":{"background-color":"","background-image":"","background-repeat":"repeat","background-position":"center center","background-size":"auto","background-attachment":"scroll","background-type":"","background-media":"","overlay-type":"","overlay-color":"","overlay-opacity":"","overlay-gradient":""},"mobile":{"background-color":"","background-image":"","background-repeat":"repeat","background-position":"center center","background-size":"auto","background-attachment":"scroll","background-type":"","background-media":"","overlay-type":"","overlay-color":"","overlay-opacity":"","overlay-gradient":""}},"ast-content-background-meta":{"desktop":{"background-color":"var(--ast-global-color-5)","background-image":"","background-repeat":"repeat","background-position":"center center","background-size":"auto","background-attachment":"scroll","background-type":"","background-media":"","overlay-type":"","overlay-color":"","overlay-opacity":"","overlay-gradient":""},"tablet":{"background-color":"var(--ast-global-color-5)","background-image":"","background-repeat":"repeat","background-position":"center center","background-size":"auto","background-attachment":"scroll","background-type":"","background-media":"","overlay-type":"","overlay-color":"","overlay-opacity":"","overlay-gradient":""},"mobile":{"background-color":"var(--ast-global-color-5)","background-image":"","background-repeat":"repeat","background-position":"center center","background-size":"auto","background-attachment":"scroll","background-type":"","background-media":"","overlay-type":"","overlay-color":"","overlay-opacity":"","overlay-gradient":""}}},"product_cat":[48,30],"product_tag":[],"class_list":{"0":"post-2195","1":"product","2":"type-product","3":"status-publish","4":"has-post-thumbnail","6":"product_cat-deti","7":"product_cat-kozmetika","8":"desktop-align-center","9":"tablet-align-center","10":"mobile-align-center","12":"first","13":"instock","14":"taxable","15":"shipping-taxable","16":"purchasable","17":"product-type-simple"},"_links":{"self":[{"href":"https:\/\/mmtest1.top\/index.php?rest_route=\/wp\/v2\/product\/2195","targetHints":{"allow":["GET"]}}],"collection":[{"href":"https:\/\/mmtest1.top\/index.php?rest_route=\/wp\/v2\/product"}],"about":[{"href":"https:\/\/mmtest1.top\/index.php?rest_route=\/wp\/v2\/types\/product"}],"replies":[{"embeddable":true,"href":"https:\/\/mmtest1.top\/index.php?rest_route=%2Fwp%2Fv2%2Fcomments&post=2195"}],"wp:featuredmedia":[{"embeddable":true,"href":"https:\/\/mmtest1.top\/index.php?rest_route=\/wp\/v2\/media\/2196"}],"wp:attachment":[{"href":"https:\/\/mmtest1.top\/index.php?rest_route=%2Fwp%2Fv2%2Fmedia&parent=2195"}],"wp:term":[{"taxonomy":"product_cat","embeddable":true,"href":"https:\/\/mmtest1.top\/index.php?rest_route=%2Fwp%2Fv2%2Fproduct_cat&post=2195"},{"taxonomy":"product_tag","embeddable":true,"href":"https:\/\/mmtest1.top\/index.php?rest_route=%2Fwp%2Fv2%2Fproduct_tag&post=2195"}],"curies":[{"name":"wp","href":"https:\/\/api.w.org\/{rel}","templated":true}]}}