{"id":2172,"date":"2024-08-17T15:24:10","date_gmt":"2024-08-17T13:24:10","guid":{"rendered":"https:\/\/mmtest1.top\/?post_type=product&#038;p=2172"},"modified":"2024-08-17T15:24:10","modified_gmt":"2024-08-17T13:24:10","slug":"nevinnost-organicky-kremovy-deodorant","status":"publish","type":"product","link":"https:\/\/mmtest1.top\/?product=nevinnost-organicky-kremovy-deodorant","title":{"rendered":"Nevinnos\u0165 &#8211; organick\u00fd kr\u00e9mov\u00fd deodorant"},"content":{"rendered":"<p>Potenie je d\u00f4le\u017eit\u00fdm, prirodzen\u00fdm a zdrav\u00fdm procesom \u013eudsk\u00e9ho tela. V\u010faka nemu sa z tela odplavuj\u00fa \u0161kodliv\u00e9 l\u00e1tky, \u010d\u00edm tie\u017e posil\u0148uje obranyschopnos\u0165 cel\u00e9ho organizmu. Potenie v\u0161ak m\u00f4\u017ee by\u0165 i obzvl\u00e1\u0161\u0165 nepr\u00edjemn\u00e9 a to nie len v\u010faka mokr\u00fdm f\u013eakom, ktor\u00e9 n\u00e1m vykres\u013euje na tri\u010dku, ale najm\u00e4 kv\u00f4li z\u00e1pachu, ktor\u00fd vznik\u00e1 reakciou n\u00e1\u0161ho potu s bakt\u00e9riami prirodzene sa vyskytuj\u00facimi na povrchu na\u0161ej poko\u017eky. Mno\u017estvo be\u017ene dostupn\u00fdch v\u00fdrobkov ur\u010den\u00fdch pre boj proti t\u00fdmto javom sprev\u00e1dzaj\u00facim potenie obsahuje l\u00e1tky ako s\u00fa hlin\u00edkov\u00e9 soli, alkohol, syntetick\u00e9 parf\u00e9my a mnoh\u00e9 \u010fal\u0161ie, ktor\u00e9 pre na\u0161e telo nie s\u00fa prirodzen\u00e9 a m\u00f4\u017eu by\u0165 pr\u00ed\u010dinou podr\u00e1\u017edenia, svrbenia \u010di z\u00e1palov citlivej poko\u017eky v podpazu\u0161\u00ed. Preto sme vyvinuli\u00a0<strong>veg\u00e1nsky organick\u00fd deodorant bez hlin\u00edka, alkoholu a parf\u00e9mov, ktor\u00e9ho \u00fa\u010dinn\u00e1 recept\u00fara je zalo\u017een\u00e1 na \u010disto pr\u00edrodn\u00fdch ingredienci\u00e1ch.<\/strong><\/p>\n<p><strong>HLAVN\u00c9 ZLO\u017dKY<\/strong><br \/>\n&gt;\u00a0<strong>bentonitov\u00fd \u00edl<\/strong>\u00a0&#8211; vynik\u00e1 v\u00fdrazne absorb\u010dnou a h\u013abkovo \u010distiacou vlastnos\u0165ou, jemne detoxikuje a podie\u013ea sa na udr\u017eiavan\u00ed zdravej poko\u017eky<br \/>\n&gt;\u00a0<strong>oxid zino\u010dnat\u00fd (bez nano\u010dast\u00edc)<\/strong>\u00a0&#8211; m\u00e1 schopnos\u0165 absorbova\u0165 prebyto\u010dn\u00fa vlhkos\u0165 a pohlcova\u0165 pachy, v\u010faka \u010domu p\u00f4sob\u00ed mierne antiperspira\u010dne a pom\u00e1ha zabra\u0148ova\u0165 tvorbe nepr\u00edjemn\u00e9ho z\u00e1pachu<br \/>\n&gt;\u00a0<strong>\u010dajovn\u00edkov\u00fd olej<\/strong>\u00a0&#8211; vyzna\u010duje sa nezvy\u010dajne siln\u00fdmi antibakteri\u00e1lnymi, antimikrobi\u00e1lnymi a antifungic\u00eddnymi vlastnos\u0165ami a podporuje prirodzen\u00fa imunitu poko\u017eky<\/p>\n<p><strong>OBSAH<\/strong><br \/>\n50ml<\/p>\n<p><strong>N\u00c1\u0160 TIP<\/strong><br \/>\nNajlep\u0161\u00ed pr\u00edrodn\u00fd deodorant je tak\u00fd, ktor\u00fd neobsahuje \u0161kodliv\u00e9 syntetick\u00e9 l\u00e1tky, neovplyv\u0148uje prirodzen\u00e9 procesy n\u00e1\u0161ho tela a zabezpe\u010d\u00ed dlhotrvaj\u00facu v\u00f4\u0148u a pocit svie\u017eosti po cel\u00fd de\u0148. Aby v\u0161ak skuto\u010dne fungoval, potrebuje sa s va\u0161ou poko\u017ekou z\u017ei\u0165. Pri prechode z pou\u017e\u00edvania chemick\u00fdch alternat\u00edv na pr\u00edrodn\u00fd deodorant je pribli\u017en\u00e1 adapta\u010dn\u00e1 doba \u013eudsk\u00e9ho organizmu cca 1-2 t\u00fd\u017edne.<br \/>\nPr\u00edrodn\u00fd deodorant nekombinujte s chemick\u00fdmi alternat\u00edvami, nako\u013eko tieto by mohli jeho \u00fa\u010dinnos\u0165 nepriaznivo ovplyv\u0148ova\u0165. Aplikujte ho v minim\u00e1lnom mno\u017estve, jemn\u00e1 vrstva sa tak r\u00fdchlo vstrebe a nezanech\u00e1 f\u013eaky na oble\u010den\u00ed.<br \/>\nV pr\u00edpade potreby aplikujte v\u00fdrobok opakovane po\u010das d\u0148a, pou\u017eite i na nohy, dlane, chrb\u00e1t \u010di in\u00e9 \u010dasti tela, na ktor\u00fdch v\u00e1s tr\u00e1pi potenie.<br \/>\n100% pr\u00edrodn\u00fd deodorant je ide\u00e1lnou vo\u013ebou pre citliv\u00fa poko\u017eku, pre deti od 6 rokov \u010di v tehotenstve.<\/p>\n<p><strong>ODPOR\u00da\u010cAME KOMBINOVA\u0164<\/strong><br \/>\nV\u00fdrobok m\u00f4\u017eete doplni\u0165 pr\u00edrodn\u00fdm parf\u00e9mom v toto\u017enej v\u00f4ni \u010di in\u00fdmi v\u00fdrobkami ed\u00edcie\u00a0Nevinnos\u0165\u00a0alebo \u010fal\u0161\u00edch ed\u00edci\u00ed z kateg\u00f3rie kvetinov\u00fdch \u010di pr\u00edjemne svie\u017eich\u00a0 v\u00f4n\u00ed &#8211;\u00a0\u0160\u0165astie,\u00a0Zmyselnos\u0165<\/p>\n<p><strong>V\u00d4\u0147A V\u00ddROBKU<\/strong><br \/>\nNevinne \u013eahk\u00e1, svie\u017ea kvetinov\u00e1 v\u00f4\u0148a s n\u00e1dychom zelene, steles\u0148uj\u00facane\u017enos\u0165 a krehkos\u0165 vo vonnej kompoz\u00edcii konvaliniek, bielych \u013eali\u00ed a zelen\u00e9ho \u010daju.<\/p>\n<p><strong>FARBA V\u00ddROBKU<\/strong><br \/>\nRecept\u00fara v\u00fdrobku je navrhnut\u00e1 bez farb\u00edv. Pozorovate\u013en\u00fd siv\u00fd n\u00e1dych inak bezfarebn\u00e9ho v\u00fdrobku je sp\u00f4soben\u00fd prirodzenou farbou obsiahnut\u00fdch zlo\u017eiek, najm\u00e4 bentonitov\u00e9ho \u00edlu.<\/p>\n<p dir=\"ltr\"><strong>KONZISTENCIA V\u00ddROBKU<\/strong><br \/>\nV\u00fdrobok je v\u010faka obsahu organick\u00fdch rastlinn\u00fdch olejov, masiel a vegan vosku na poh\u013ead tuh\u00fd, pri dotyku sa v\u0161ak teplotou tela jemne top\u00ed, \u010d\u00edm sa z\u00e1rove\u0148 u\u013eah\u010duje jeho aplik\u00e1cia. Konzistenciou pri nan\u00e1\u0161an\u00ed pripom\u00edna jemn\u00fd kr\u00e9mik.<\/p>\n<p><strong>KONZERVA\u010cN\u00dd SYST\u00c9M V\u00ddROBKU A DOBA POU\u017dITIA<\/strong><br \/>\nV\u010faka bezvodn\u00e9mu zlo\u017eeniu tento v\u00fdrobok nemus\u00ed obsahova\u0165 konzerva\u010dn\u00fd syst\u00e9m a pritom je stabiln\u00fd. Obsahuje preuk\u00e1zate\u013ene antifungic\u00eddnu a antibakteri\u00e1lnu pr\u00edsadu vo forme austr\u00e1lskeho \u010dajovn\u00edkov\u00e9ho oleja. V\u00fdrobok sa odpor\u00fa\u010da aplikova\u0165 len \u010dist\u00fdmi prstami, aby sa zamedzilo jeho zaneseniu. Po otvoren\u00ed odpor\u00fa\u010dame v\u00fdrobok spotrebova\u0165 do 9 mesiacov.<\/p>\n<p><strong>OBAL V\u00ddROBKU A N\u00c1VRH NA RECYKL\u00c1CIU<\/strong><br \/>\nV\u00fdrobok je balen\u00fd v plne recyklovate\u013enom PET kel\u00edmku s objemom 50ml s praktick\u00fdm hlin\u00edkov\u00fdm uz\u00e1verom. Obal v\u00fdrobku vr\u00e1tane uz\u00e1veru je vratn\u00fd v r\u00e1mci n\u00e1\u0161ho\u00a0<a href=\"https:\/\/www.soaphoria.sk\/sk\/info\/recyklacny-program-17\">recykla\u010dn\u00e9ho programu<\/a>.<br \/>\nV pr\u00edpade, \u017ee si neprajete zapoji\u0165 sa do recykla\u010dn\u00e9ho programu, pr\u00e1zdnemu kel\u00edmku m\u00f4\u017eete n\u00e1js\u0165 vyu\u017eitie i v dom\u00e1cnosti &#8211; je priam stvoren\u00fd pre skladovanie a uchov\u00e1vanie \u013eahko mizn\u00facich drobnost\u00ed, ako s\u00fa gomb\u00edky \u010di drobn\u00e9 klin\u010deky.<br \/>\nAk sa rozhodnete obal v\u00fdrobku vyhodi\u0165, vho\u010fte ho do kontajnera ur\u010den\u00e9ho na plastov\u00fd a kovov\u00fd separovan\u00fd odpad.\u00a0 Takto bud\u00fa m\u00f4c\u0165 by\u0165 obalov\u00e9 materi\u00e1ly recyklovan\u00e9 a op\u00e4tovne vyu\u017eit\u00e9.<\/p>\n<p><strong>APLIK\u00c1CIA<\/strong><br \/>\nPo otvoren\u00ed balenia prilo\u017ete \u010dist\u00e9 prsty na povrch produktu a kr\u00fa\u017eiv\u00fdmi pohybmi naberte primeran\u00e9 mno\u017estvo a jemne rozotrite a vmas\u00edrujte deodorant do poko\u017eky, ktor\u00fd sa n\u00e1sledne vstrebe. Deodorant je v extr\u00e9mnych letn\u00fdch hor\u00fa\u010dav\u00e1ch vhodn\u00e9 pou\u017ei\u0165 aj viackr\u00e1t denne v ten\u0161\u00edch vrstv\u00e1ch.<br \/>\nPred prv\u00fdm pou\u017eit\u00edm sa odpor\u00fa\u010da previes\u0165 tzv. Patch test, t. j. aplikova\u0165 a otestova\u0165 kozmetick\u00fd pr\u00edpravok na jeho zn\u00e1\u0161anlivos\u0165 na malej pl\u00f4\u0161ke poko\u017eky, najlep\u0161ie na z\u00e1p\u00e4st\u00ed a po\u010dka\u0165 24h. Touto met\u00f3dou sa m\u00f4\u017ee pred\u00eds\u0165 n\u00e1stupu alergick\u00fdch reakci\u00ed a precitlivenosti na dan\u00fd v\u00fdrobok. Ak po aplik\u00e1cii sa prejav\u00ed alergick\u00e1 reakcia, povrch poko\u017eky zmyte vla\u017enou vodou. V\u00fdrobok okam\u017eite presta\u0148te pou\u017e\u00edva\u0165. Ak alergick\u00e1 reakcia pretrv\u00e1 po dlh\u0161iu dobu vyh\u013eadajte lek\u00e1rsku pomoc.<\/p>\n<p><strong>UPOZORNENIA<\/strong><br \/>\nV\u00fdrobok obsahuje s\u00f3du bikarb\u00f3nu. V pr\u00edpade, \u017ee v\u00e1m t\u00e1to zlo\u017eka ako pr\u00edsada v kozmetick\u00fdch produktoch nevyhovuje, odpor\u00fa\u010dame zvoli\u0165 si namiesto kr\u00e9mov\u00e9ho deodorantu alternat\u00edvu vo forme Revoludeo alebo miner\u00e1lneho deodorantu Pure power.<br \/>\nPri n\u00e1hlych teplotn\u00fdch v\u00fdkyvoch \u010di skladovan\u00ed v\u00fdrobku v prostred\u00ed s priemernou teplotou nad 25\u00b0C sa m\u00f4\u017ee v\u00fdrobok v kel\u00edmku jemne topi\u0165, n\u00e1sledkom \u010doho v \u0148om m\u00f4\u017eu by\u0165 pozorovate\u013en\u00e9 jemn\u00e9 biele &#8222;guli\u010dky&#8220;. Tieto &#8222;guli\u010dky&#8220; s\u00fa sp\u00f4soben\u00e9 zr\u00e1\u017eanlivos\u0165ou obsiahnut\u00fdch masiel a nepredstavuj\u00fa vadu v\u00fdrobku ani prek\u00e1\u017eku v jeho \u010fal\u0161om pou\u017e\u00edvan\u00ed.<br \/>\nUr\u010den\u00e9 na ka\u017edodenn\u00e9 pou\u017eitie. Uchov\u00e1vajte mimo dosahu det\u00ed. Skladujte na chladnom a suchom mieste pri teplote do +30\u00b0C a nevystavujte priamemu slne\u010dn\u00e9mu \u017eiareniu a mrazu. Nepou\u017e\u00edva\u0165 na otvoren\u00e9 rany. Vyhnite sa oblasti o\u010d\u00ed. Pri zasiahnut\u00ed o\u010d\u00ed vyplachujte vla\u017enou vodou po dobu minim\u00e1lne 15 min\u00fat bez preru\u0161enia smerom od vn\u00fatorn\u00e9ho k\u00fatika k vonkaj\u0161iemu (v pr\u00edpade nosenia kontaktn\u00fdch \u0161o\u0161oviek ich odstr\u00e1ni\u0165 vopred). Ak d\u00f4jde k podr\u00e1\u017edeniu, vyh\u013eadajte lek\u00e1rsku pomoc.<\/p>\n<p><strong>ZLO\u017dENIE<\/strong><br \/>\nMaranta Arundinacea Root Powder (maranta trstinov\u00e1)*, Zea Mays Starch (kukuri\u010dn\u00fd \u0161krob)*, Cocos Nucifera Oil (kokosov\u00fd olej)*, Butyrospermum Parkii Butter (bambuck\u00e9 maslo)*, Theobroma Cacao Seed Butter (kakaov\u00e9 maslo)*, Prunus Amygdalus Dulcis Oil (olej zo sladk\u00fdch mandl\u00ed)*, Euphorbia Cerifera Wax (Kandelilov\u00fd vosk)*, Sodium Bicarbonate (hydrog\u00e9nuhli\u010ditan sodn\u00fd), Kaolinite (biely \u00edl)*, Bentonit (bentonitov\u00fd \u00edl)*, Convallaria Majalis Absolte Oil (konvalinka vo\u0148av\u00e1 olej)*,\u00a0 Camellia Sinensis Leaf Extract (\u010dajovn\u00edk \u010d\u00ednsky extrakt)*, Lilium Candidum Bulb Extract (\u013ealia biela extrakt)*, Zinc Oxide (Oxid zino\u010dnat\u00fd), Tocopherol (antioxidant \/ vitam\u00edn E), Melaleuca Alternifolia Leaf Oil (\u010dajovn\u00edk)*, ***Geraniol, ***Hexyl Cinnamal, ***Limonene, ***Linalool, ***Amyl Cinnamal<br \/>\n*certifikovan\u00e1 organick\u00e1 zlo\u017eka<br \/>\n***vyskytuj\u00face sa prirodzene v esenci\u00e1lnych olejoch,<\/p>\n<p>&nbsp;<\/p>\n<p>&nbsp;<\/p>\n","protected":false},"excerpt":{"rendered":"<p>Organick\u00fd deodorant\u00a0<strong>bez hlin\u00edkov\u00fdch sol\u00ed<\/strong>\u00a0eliminuje nepr\u00edjemn\u00fd z\u00e1pach potu, pri\u010dom\u00a0<strong>nebr\u00e1ni prirodzen\u00fdm funkci\u00e1m poko\u017eky a neupch\u00e1va p\u00f3ry<\/strong>. Nezabra\u0148uje poteniu, av\u0161ak\u00a0<strong>m\u00e1 mierne antiperspira\u010dn\u00e9 \u00fa\u010dinky<\/strong>\u00a0v\u010faka pridan\u00e9mu oxidu zino\u010dnat\u00e9mu (bez nano\u010dast\u00edc) a bentonitov\u00e9mu \u00edlu. Zlo\u017eenie\u00a0<strong>s obsahom jemn\u00fdch organick\u00fdch olejov<\/strong>\u00a0ako s\u00fa kokosov\u00fd a mand\u013eov\u00fd a\u00a0<strong>bambuck\u00e9ho a kakaov\u00e9ho masla predch\u00e1dza vysu\u0161ovaniu, zjem\u0148uje a chr\u00e1ni poko\u017eku pred podr\u00e1\u017eden\u00edm<\/strong>. \u00da\u010dinn\u00fd pr\u00edrodn\u00fd deodorant bez parf\u00e9mov obsahuje v\u00fdlu\u010dne \u0161peci\u00e1lne fixovan\u00e9\u00a0<strong>esenci\u00e1lne oleje, ktor\u00e9\u00a0 sa uvo\u013e\u0148uj\u00fa postupne<\/strong>\u00a0a tak zabezpe\u010duj\u00fa dlhotrvaj\u00facu v\u00f4\u0148u.<\/p>\n<p><strong>Organick\u00fd kr\u00e9mov\u00fd deodorant je vhodn\u00fd pre v\u0161etky typy poko\u017eky.<\/strong><\/p>\n<p>&gt; organick\u00e9 zlo\u017eenie s antimikrobi\u00e1lnymi zlo\u017ekami zamedzuje tvorbe nepr\u00edjemn\u00e9ho pachu<br \/>\n&gt; neovplyv\u0148uje prirodzen\u00e9 funkcie \u013eudsk\u00e9ho tela a poko\u017eku nech\u00e1va vo\u013ene d\u00fdcha\u0165<br \/>\n&gt; veg\u00e1nsky deodorant bez obsahu hlin\u00edka, alkoholu a dr\u00e1\u017ediv\u00fdch syntetick\u00fdch pr\u00edsad, farb\u00edv a parfum\u00e1cie<br \/>\n&gt; jemn\u00e1, nelepiv\u00e1 kr\u00e9mov\u00e1 konzistencia zabezpe\u010duje jednoduch\u00fa aplik\u00e1ciu a r\u00fdchlu vstrebate\u013enos\u0165<br \/>\n&gt; pre spr\u00e1vnu aplik\u00e1ciu posta\u010duje minim\u00e1lne mno\u017estvo v\u00fdrobku, nezanech\u00e1va pocit mastnoty \u010di stopy na oble\u010den\u00ed<br \/>\n&gt; ide\u00e1lny pre pou\u017eitie na ktor\u00fako\u013evek \u010das\u0165 tela &#8211; podpazu\u0161ie, dlane, chodidl\u00e1, chrb\u00e1t a in\u00e9&#8230;<\/p>\n<p>&gt; VEGAN PR\u00cdRODN\u00dd DEODORANT<br \/>\n&gt; BEZ HLIN\u00cdKOV\u00ddCH SOL\u00cd<br \/>\n&gt; PRE DLHOTRVAJ\u00daCI POCIT SVIE\u017dOSTI<br \/>\n&gt;\u00a0UPOKOJUJE A ZJEM\u0147UJE POKO\u017dKU<\/p>\n<p>50ml<\/p>\n","protected":false},"featured_media":2174,"comment_status":"open","ping_status":"closed","template":"","meta":{"site-sidebar-layout":"default","site-content-layout":"","ast-site-content-layout":"default","site-content-style":"default","site-sidebar-style":"default","ast-global-header-display":"","ast-banner-title-visibility":"","ast-main-header-display":"","ast-hfb-above-header-display":"","ast-hfb-below-header-display":"","ast-hfb-mobile-header-display":"","site-post-title":"","ast-breadcrumbs-content":"","ast-featured-img":"","footer-sml-layout":"","theme-transparent-header-meta":"default","adv-header-id-meta":"","stick-header-meta":"","header-above-stick-meta":"","header-main-stick-meta":"","header-below-stick-meta":"","astra-migrate-meta-layouts":"set","ast-page-background-enabled":"default","ast-page-background-meta":{"desktop":{"background-color":"var(--ast-global-color-4)","background-image":"","background-repeat":"repeat","background-position":"center center","background-size":"auto","background-attachment":"scroll","background-type":"","background-media":"","overlay-type":"","overlay-color":"","overlay-opacity":"","overlay-gradient":""},"tablet":{"background-color":"","background-image":"","background-repeat":"repeat","background-position":"center center","background-size":"auto","background-attachment":"scroll","background-type":"","background-media":"","overlay-type":"","overlay-color":"","overlay-opacity":"","overlay-gradient":""},"mobile":{"background-color":"","background-image":"","background-repeat":"repeat","background-position":"center center","background-size":"auto","background-attachment":"scroll","background-type":"","background-media":"","overlay-type":"","overlay-color":"","overlay-opacity":"","overlay-gradient":""}},"ast-content-background-meta":{"desktop":{"background-color":"var(--ast-global-color-5)","background-image":"","background-repeat":"repeat","background-position":"center center","background-size":"auto","background-attachment":"scroll","background-type":"","background-media":"","overlay-type":"","overlay-color":"","overlay-opacity":"","overlay-gradient":""},"tablet":{"background-color":"var(--ast-global-color-5)","background-image":"","background-repeat":"repeat","background-position":"center center","background-size":"auto","background-attachment":"scroll","background-type":"","background-media":"","overlay-type":"","overlay-color":"","overlay-opacity":"","overlay-gradient":""},"mobile":{"background-color":"var(--ast-global-color-5)","background-image":"","background-repeat":"repeat","background-position":"center center","background-size":"auto","background-attachment":"scroll","background-type":"","background-media":"","overlay-type":"","overlay-color":"","overlay-opacity":"","overlay-gradient":""}}},"product_cat":[42,30,38],"product_tag":[],"class_list":{"0":"post-2172","1":"product","2":"type-product","3":"status-publish","4":"has-post-thumbnail","6":"product_cat-dezodoranty-a-antiperspiranty","7":"product_cat-kozmetika","8":"product_cat-telo","9":"desktop-align-center","10":"tablet-align-center","11":"mobile-align-center","13":"first","14":"instock","15":"taxable","16":"shipping-taxable","17":"purchasable","18":"product-type-simple"},"_links":{"self":[{"href":"https:\/\/mmtest1.top\/index.php?rest_route=\/wp\/v2\/product\/2172","targetHints":{"allow":["GET"]}}],"collection":[{"href":"https:\/\/mmtest1.top\/index.php?rest_route=\/wp\/v2\/product"}],"about":[{"href":"https:\/\/mmtest1.top\/index.php?rest_route=\/wp\/v2\/types\/product"}],"replies":[{"embeddable":true,"href":"https:\/\/mmtest1.top\/index.php?rest_route=%2Fwp%2Fv2%2Fcomments&post=2172"}],"wp:featuredmedia":[{"embeddable":true,"href":"https:\/\/mmtest1.top\/index.php?rest_route=\/wp\/v2\/media\/2174"}],"wp:attachment":[{"href":"https:\/\/mmtest1.top\/index.php?rest_route=%2Fwp%2Fv2%2Fmedia&parent=2172"}],"wp:term":[{"taxonomy":"product_cat","embeddable":true,"href":"https:\/\/mmtest1.top\/index.php?rest_route=%2Fwp%2Fv2%2Fproduct_cat&post=2172"},{"taxonomy":"product_tag","embeddable":true,"href":"https:\/\/mmtest1.top\/index.php?rest_route=%2Fwp%2Fv2%2Fproduct_tag&post=2172"}],"curies":[{"name":"wp","href":"https:\/\/api.w.org\/{rel}","templated":true}]}}