{"id":2089,"date":"2024-08-03T11:39:10","date_gmt":"2024-08-03T09:39:10","guid":{"rendered":"https:\/\/mmtest1.top\/?post_type=product&#038;p=2089"},"modified":"2024-08-03T11:39:10","modified_gmt":"2024-08-03T09:39:10","slug":"balzam-na-pery-makronka-cucoriedka","status":"publish","type":"product","link":"https:\/\/mmtest1.top\/?product=balzam-na-pery-makronka-cucoriedka","title":{"rendered":"Balzam na pery makr\u00f3nka &#8211; \u010du\u010doriedka"},"content":{"rendered":"<p>Pr\u00edrodn\u00fd v\u00fd\u017eivn\u00fd balzam na pery je\u00a0<strong>absol\u00fatnou nevyhnutnos\u0165ou a neodmyslite\u013enou s\u00fa\u010das\u0165ou ka\u017ed\u00e9ho vrecka \u010di kabelky<\/strong>. \u0160ikovn\u00fd pomocn\u00edk v tvare makr\u00f3nky, ktor\u00e9ho m\u00e1te v\u017edy poruke, sa\u00a0<strong>dokonale postar\u00e1 o jemn\u00e9, citliv\u00e9, vysu\u0161en\u00e9 \u010di popraskan\u00e9 pery<\/strong>, dod\u00e1 im potrebn\u00fa d\u00e1vku v\u00fd\u017eivy a podpor\u00ed ich r\u00fdchlej\u0161iu regener\u00e1ciu. Zbav\u00ed pocitu pnutia a nepr\u00edjemn\u00e9ho p\u00e1lenia, svrbenia \u010di \u0161upinatosti a\u00a0<strong>zanech\u00e1 len kr\u00e1sne vy\u017eiven\u00e9 a hladk\u00e9 pery ako stvoren\u00e9 pre rozd\u00e1vanie \u00fasmevov \ud83d\ude42<\/strong><\/p>\n<p><strong>HLAVN\u00c9 ZLO\u017dKY<\/strong><br \/>\n&gt;\u00a0<strong>v\u010del\u00ed vosk<\/strong>\u00a0&#8211; predstavuje hotov\u00fd poklad v starostlivosti o poko\u017eku, pom\u00e1ha jej regener\u00e1cii a poskytuje jej h\u013abkov\u00fa v\u00fd\u017eivu<br \/>\n&gt;\u00a0<strong>marhu\u013eov\u00fd olej<\/strong>\u00a0&#8211; zvl\u00e1\u010d\u0148uje, zjem\u0148uje, upokojuje a z\u00e1sobuje vitam\u00ednmi A,C a E<br \/>\n&gt;\u00a0<strong>kakaov\u00e9 maslo<\/strong>\u00a0&#8211; vy\u017eivuje, zjem\u0148uje a chr\u00e1ni pred nepriazniv\u00fdmi vplyvmi prostredia<\/p>\n<p><strong>OBSAH<\/strong><br \/>\n10ml<\/p>\n<p><strong>N\u00c1\u0160 TIP<\/strong><br \/>\nPou\u017e\u00edvajte organick\u00fd balzam na pery pravidelne, pred\u00eddete tak vysu\u0161ovaniu jemnej poko\u017eky pier. Aplikujte r\u00e1no, na obed, ve\u010der a kedyko\u013evek po\u010das d\u0148a, napr\u00edklad po jedle \u010di v\u00fddatnom n\u00e1poji, kedy sa nanesen\u00e1 vrstva str\u00e1ca.<br \/>\nV pr\u00edpade, \u017ee v\u00e1s tr\u00e1pi vysu\u0161en\u00e1 poko\u017eka v okol\u00ed nosa v d\u00f4sledku n\u00e1dchy \u010di vplyvu extr\u00e9mneho po\u010dasia, aplikujte balzam na pery aj na postihnut\u00e9 miesta, ktor\u00fdm pom\u00f4\u017ee k r\u00fdchlej\u0161ej regener\u00e1cii.<br \/>\nChr\u00e1\u0148te svoj balzam na pery pred vplyvom vysok\u00fdch tepl\u00f4t \u010di priameho slne\u010dn\u00e9ho \u017eiarenia, ktor\u00e9 by mohli sp\u00f4sobi\u0165 jeho topenie. Po op\u00e4tovnom stuhnut\u00ed sa v balzame m\u00f4\u017eu objavi\u0165 jemn\u00e9 biele &#8222;guli\u010dky&#8220;, ktor\u00e9 v\u0161ak nie s\u00fa vadou &#8211; ide o vyzr\u00e1\u017ean\u00e9 kakaov\u00e9 maslo.<\/p>\n<p><strong>ODPOR\u00da\u010cAME KOMBINOVA\u0164<\/strong><br \/>\nOrganick\u00fd balzam na pery m\u00f4\u017eete kombinova\u0165 s v\u00fdrobkami rovnakej vonnej ed\u00edcie, ale vybra\u0165 si m\u00f4\u017eete tie\u017e ktor\u00e9ko\u013evek in\u00e9 v\u00fdrobky pre starostlivos\u0165 o ple\u0165, telo \u010di vlasy pod\u013ea va\u0161ich potrieb.<\/p>\n<div class=\"product_second_section\">\n<div class=\"container\">\n<div class=\"row product_desc_block\">\n<div class=\"product_desc_column col-md-12\">\n<div class=\"bottom_more_info_block pro_more_info p-t-1 p-b-1 \">\n<div class=\"product_info_tabs sttab_block mobile_tab  sttab_2 sttab_2_2 \">\n<div class=\"tab-content \">\n<div id=\"extra-4\" class=\"tab-pane active\" role=\"tabpanel\" aria-expanded=\"true\">\n<div class=\"tab-pane-body\">\n<section class=\"product-tab-details base_list_line medium_list\"><strong>V\u00d4\u0147A V\u00ddROBKU<\/strong><br \/>\nOrganick\u00fd balzam na pery sa vyzna\u010duje pr\u00edjemnou charakteristickou v\u00f4\u0148ou, \u013eahko rozpoznate\u013enou u\u017e zo samotn\u00e9ho n\u00e1zvu v\u00fdrobku.<\/p>\n<p><strong>FARBA V\u00ddROBKU<\/strong><br \/>\nN\u00e1povedou pre farbu obsahu v\u00fdrobku je samotn\u00e1 farba makr\u00f3nky :). V\u00fdrobok predstavuje o\u0161etruj\u00faci regenera\u010dn\u00fd balzam na pery, ktor\u00fd na per\u00e1ch nezanech\u00e1va farebn\u00fd odtie\u0148, m\u00f4\u017ee ich v\u0161ak mierne t\u00f3nova\u0165 a doda\u0165 im jemn\u00fd lesk.<\/p>\n<p><strong>KONZISTENCIA V\u00ddROBKU<\/strong><br \/>\nV\u00fdrobok je tuhej konzistencie.<\/p>\n<p><strong>KONZERVA\u010cN\u00dd SYST\u00c9M V\u00ddROBKU A DOBA POU\u017dITIA<\/strong><br \/>\nOrganick\u00e9 zlo\u017eenie balzamu na pery bez obsahu vodnej f\u00e1zy nevy\u017eaduje pou\u017eitie konzerva\u010dn\u00fdch l\u00e1tok a predsa je v\u00fdrobok stabiln\u00fd. Po otvoren\u00ed odpor\u00fa\u010dame balzam na pery spotrebova\u0165 do 6 mesiacov.<\/p>\n<p><strong>OBAL V\u00ddROBKU A N\u00c1VRH NA RECYKL\u00c1CIU<\/strong><br \/>\nV\u00fdrobok je balen\u00fd v recyklovate\u013enom PET obale.<br \/>\nObal v\u00fdrobku je vratn\u00fd v r\u00e1mci n\u00e1\u0161ho recykla\u010dn\u00e9ho programu.<br \/>\nV pr\u00edpade, \u017ee sa rozhodnete obal v\u00fdrobku vyhodi\u0165, vho\u010fte ho do \u017elt\u00e9ho kontajnera ur\u010den\u00e9ho na zber plastov\u00e9ho odpadu.<\/p>\n<p><strong>APLIK\u00c1CIA<\/strong><br \/>\nPr\u00edpravok nan\u00e1\u0161ajte v primeranom mno\u017estve a pod\u013ea potreby na poko\u017eku pier.<\/p>\n<p><strong>UPOZORNENIA<\/strong><br \/>\nUr\u010den\u00e9 na ka\u017edodenn\u00e9 pou\u017eitie. Len na vonkaj\u0161ie pou\u017eitie. Uchov\u00e1vajte mimo dosahu det\u00ed. Skladujte na chladnom a suchom mieste, pri teplote do +30\u00b0C a nevystavujte priamemu slne\u010dn\u00e9mu \u017eiareniu a mrazu. Nepou\u017e\u00edva\u0165 na otvoren\u00e9 rany. Vyhnite sa oblasti o\u010d\u00ed. Pri zasiahnut\u00ed o\u010d\u00ed vyplachujte vla\u017enou vodou po dobu minim\u00e1lne 15 min\u00fat bez preru\u0161enia smerom od vn\u00fatorn\u00e9ho k\u00fatika k vonkaj\u0161iemu (v pr\u00edpade nosenia kontaktn\u00fdch \u0161o\u0161oviek ich odstr\u00e1ni\u0165 vopred). Ak d\u00f4jde k podr\u00e1\u017edeniu, vyh\u013eadajte lek\u00e1rsku pomoc.<br \/>\nPred prv\u00fdm pou\u017eit\u00edm sa odpor\u00fa\u010da previes\u0165 tzv. Patch test, t. j. aplikova\u0165 a otestova\u0165 kozmetick\u00fd pr\u00edpravok na jeho zn\u00e1\u0161anlivos\u0165 na malej pl\u00f4\u0161ke poko\u017eky, najlep\u0161ie na z\u00e1p\u00e4st\u00ed a po\u010dka\u0165 24h. Touto met\u00f3dou sa m\u00f4\u017ee pred\u00eds\u0165 n\u00e1stupu alergick\u00fdch reakci\u00ed a precitlivenosti na dan\u00fd v\u00fdrobok. Ak po aplik\u00e1cii sa prejav\u00ed alergick\u00e1 reakcia, povrch poko\u017eky zmyte vla\u017enou vodou. V\u00fdrobok okam\u017eite presta\u0148te pou\u017e\u00edva\u0165. Ak alergick\u00e1 reakcia pretrv\u00e1 po dlh\u0161iu dobu vyh\u013eadajte lek\u00e1rsku pomoc.<\/p>\n<p><strong>ZLO\u017dENIE<\/strong><br \/>\nCera Alba (v\u010del\u00ed vosk)*, Cocos Nucifera Oil (kokosov\u00fd olej)*, Ricinus Communis Seed Oil (ric\u00ednov\u00fd olej)*, Theobroma Cacao Seed Butter (kakaov\u00e9 maslo)*, Prunus Armeniaca Seed Oil (marhu\u013eov\u00fd olej)*, Vitis Vinifera Seed Oil (olej z hroznov\u00fdch jadier)*, Butyrospermum Parkii Butter (bambuck\u00e9 maslo)*, Vaccinium Myrtillus Fruit Extract (brusnica \u010du\u010doriedkov\u00e1)*, Mica (miner\u00e1lna farbiaca zlo\u017eka), ***Citral, ***Citronellol, ***Limonene, ***Linalool<br \/>\n* certifikovan\u00e1 organick\u00e1 zlo\u017eka<br \/>\n***vyskytuj\u00face sa prirodzene v esenci\u00e1lnych olejoch a pr\u00edrodn\u00fdch v\u00f4\u0148ach<\/p>\n<\/section>\n<\/div>\n<\/div>\n<\/div>\n<\/div>\n<\/div>\n<\/div>\n<\/div>\n<\/div>\n<\/div>\n<div class=\"product_third_section\">\n<div class=\"container\">\n<div id=\"crossselling_products_container\" class=\"crossselling_products_container block products_container\">\n<section class=\"products_section\">\n<div class=\"products_slider\">\n<div class=\"title_block flex_container title_align_0 title_style_1\"><\/div>\n<\/div>\n<\/section>\n<\/div>\n<\/div>\n<\/div>\n","protected":false},"excerpt":{"rendered":"<p>Organick\u00fd \u010du\u010doriedkov\u00fd\u00a0<strong>balzam na pery v rozko\u0161nom balen\u00ed pripom\u00ednaj\u00facom chutn\u00fd kol\u00e1\u010dik<\/strong>\u00a0je ako stvoren\u00fd\u00a0<strong>pre pote\u0161enie du\u0161e a rozmazn\u00e1vanie jemnej poko\u017eky pier<\/strong>. Stelesnenie drobn\u00fdch radost\u00ed s neodolate\u013enou v\u00f4\u0148ou a \u00fa\u017easne regenera\u010dn\u00fdmi \u00fa\u010dinkami je ide\u00e1lnou vo\u013ebou pre milovn\u00edkov jemne hrejiv\u00fdch a sladkast\u00fdch v\u00f4n\u00ed.\u00a0<strong>Makr\u00f3nka &#8211; v\u00fd\u017eivn\u00fd balzam na pery bez ch\u00e9mie predstavuje ide\u00e1lnu vo\u013ebu pre o\u0161etrenie citlivej poko\u017eky na\u0161ich pier.<\/strong>\u00a0Such\u00e9 a popraskan\u00e9 pery sa v\u010faka nemu stan\u00fa minulos\u0165ou \ud83d\ude42<br \/>\nPr\u00edrodn\u00fd balzam na pery\u00a0<strong>napom\u00e1ha udr\u017eiava\u0165 dobr\u00fa kond\u00edciu citlivej poko\u017eky pier\u00a0<\/strong>a vytv\u00e1ra na nej jemn\u00fa vrstvi\u010dku, predch\u00e1dza nepr\u00edjemn\u00e9mu pnutiu, svrbeniu \u010di vysu\u0161ovaniu, ktor\u00e9 je \u010dasto sp\u00f4sobovan\u00e9 aj poveternostn\u00fdmi podmienkami. Obsiahnut\u00e9 kakaov\u00e9 maslo chr\u00e1ni pred vplyvom okolit\u00e9ho prostredia a spolu s ric\u00ednov\u00fdm, kokosov\u00fdm, marhu\u013eov\u00fdm a hroznov\u00fdm olejom\u00a0<strong>dod\u00e1vaj\u00fa poko\u017eke potrebn\u00fa d\u00e1vku vitam\u00ednov, zjem\u0148uj\u00fa, upokojuj\u00fa a udr\u017eiavaj\u00fa elasticitu<\/strong>. 100% organick\u00e9 zlo\u017eenie bez \u017eivo\u010d\u00ed\u0161nych tukov, ropn\u00fdch deriv\u00e1tov, chemick\u00fdch a konzerva\u010dn\u00fdch pr\u00edsad, syntetick\u00fdch farb\u00edv a parfum\u00e1cie.<\/p>\n<p><strong>Organick\u00fd balzam na pery v tvare makr\u00f3nky je vhodn\u00fd pre v\u0161etky typy poko\u017eky.<\/strong><\/p>\n<p>&gt; poskytuje starostlivos\u0165 o such\u00fa, citliv\u00fa po\u0161koden\u00fa a popraskan\u00fa poko\u017eku pier<br \/>\n&gt; vhodn\u00fd pre ka\u017edodenn\u00e9 o\u0161etrenie<br \/>\n&gt; upokojuje a podporuje regener\u00e1ciu<br \/>\n&gt; p\u00f4sob\u00ed prevent\u00edvne pred pred\u010dasn\u00fdm starnut\u00edm poko\u017eky<br \/>\n&gt; chr\u00e1ni pred nepriazniv\u00fdmi vplyvmi okolit\u00e9ho prostredia<br \/>\n&gt; zjem\u0148uje, zvl\u00e1\u010d\u0148uje a udr\u017eiava elasticitu<\/p>\n<p>&gt; ORGANICK\u00dd BALZAM NA PERY<br \/>\n&gt; V ROZKO\u0160NOM BALEN\u00cd<br \/>\n&gt; VY\u017dIVUJE A CHR\u00c1NI<br \/>\n&gt;\u00a0S\u00a0V\u00d4\u0147OU \u010cU\u010cORIEDKY<\/p>\n<p>10ml<\/p>\n","protected":false},"featured_media":2091,"comment_status":"open","ping_status":"closed","template":"","meta":{"site-sidebar-layout":"default","site-content-layout":"","ast-site-content-layout":"default","site-content-style":"default","site-sidebar-style":"default","ast-global-header-display":"","ast-banner-title-visibility":"","ast-main-header-display":"","ast-hfb-above-header-display":"","ast-hfb-below-header-display":"","ast-hfb-mobile-header-display":"","site-post-title":"","ast-breadcrumbs-content":"","ast-featured-img":"","footer-sml-layout":"","theme-transparent-header-meta":"default","adv-header-id-meta":"","stick-header-meta":"","header-above-stick-meta":"","header-main-stick-meta":"","header-below-stick-meta":"","astra-migrate-meta-layouts":"set","ast-page-background-enabled":"default","ast-page-background-meta":{"desktop":{"background-color":"var(--ast-global-color-4)","background-image":"","background-repeat":"repeat","background-position":"center center","background-size":"auto","background-attachment":"scroll","background-type":"","background-media":"","overlay-type":"","overlay-color":"","overlay-opacity":"","overlay-gradient":""},"tablet":{"background-color":"","background-image":"","background-repeat":"repeat","background-position":"center center","background-size":"auto","background-attachment":"scroll","background-type":"","background-media":"","overlay-type":"","overlay-color":"","overlay-opacity":"","overlay-gradient":""},"mobile":{"background-color":"","background-image":"","background-repeat":"repeat","background-position":"center center","background-size":"auto","background-attachment":"scroll","background-type":"","background-media":"","overlay-type":"","overlay-color":"","overlay-opacity":"","overlay-gradient":""}},"ast-content-background-meta":{"desktop":{"background-color":"var(--ast-global-color-5)","background-image":"","background-repeat":"repeat","background-position":"center center","background-size":"auto","background-attachment":"scroll","background-type":"","background-media":"","overlay-type":"","overlay-color":"","overlay-opacity":"","overlay-gradient":""},"tablet":{"background-color":"var(--ast-global-color-5)","background-image":"","background-repeat":"repeat","background-position":"center center","background-size":"auto","background-attachment":"scroll","background-type":"","background-media":"","overlay-type":"","overlay-color":"","overlay-opacity":"","overlay-gradient":""},"mobile":{"background-color":"var(--ast-global-color-5)","background-image":"","background-repeat":"repeat","background-position":"center center","background-size":"auto","background-attachment":"scroll","background-type":"","background-media":"","overlay-type":"","overlay-color":"","overlay-opacity":"","overlay-gradient":""}}},"product_cat":[49,30],"product_tag":[],"class_list":{"0":"post-2089","1":"product","2":"type-product","3":"status-publish","4":"has-post-thumbnail","6":"product_cat-balzamy-a-lesky-na-pery","7":"product_cat-kozmetika","8":"desktop-align-center","9":"tablet-align-center","10":"mobile-align-center","12":"first","13":"instock","14":"taxable","15":"shipping-taxable","16":"purchasable","17":"product-type-simple"},"_links":{"self":[{"href":"https:\/\/mmtest1.top\/index.php?rest_route=\/wp\/v2\/product\/2089","targetHints":{"allow":["GET"]}}],"collection":[{"href":"https:\/\/mmtest1.top\/index.php?rest_route=\/wp\/v2\/product"}],"about":[{"href":"https:\/\/mmtest1.top\/index.php?rest_route=\/wp\/v2\/types\/product"}],"replies":[{"embeddable":true,"href":"https:\/\/mmtest1.top\/index.php?rest_route=%2Fwp%2Fv2%2Fcomments&post=2089"}],"wp:featuredmedia":[{"embeddable":true,"href":"https:\/\/mmtest1.top\/index.php?rest_route=\/wp\/v2\/media\/2091"}],"wp:attachment":[{"href":"https:\/\/mmtest1.top\/index.php?rest_route=%2Fwp%2Fv2%2Fmedia&parent=2089"}],"wp:term":[{"taxonomy":"product_cat","embeddable":true,"href":"https:\/\/mmtest1.top\/index.php?rest_route=%2Fwp%2Fv2%2Fproduct_cat&post=2089"},{"taxonomy":"product_tag","embeddable":true,"href":"https:\/\/mmtest1.top\/index.php?rest_route=%2Fwp%2Fv2%2Fproduct_tag&post=2089"}],"curies":[{"name":"wp","href":"https:\/\/api.w.org\/{rel}","templated":true}]}}