{"id":2087,"date":"2024-08-03T11:32:31","date_gmt":"2024-08-03T09:32:31","guid":{"rendered":"https:\/\/mmtest1.top\/?post_type=product&#038;p=2087"},"modified":"2024-08-03T11:32:31","modified_gmt":"2024-08-03T09:32:31","slug":"nebeske-kakao-organicky-balzam-na-pery","status":"publish","type":"product","link":"https:\/\/mmtest1.top\/?product=nebeske-kakao-organicky-balzam-na-pery","title":{"rendered":"Nebesk\u00e9 kakao &#8211; organick\u00fd balzam na pery"},"content":{"rendered":"<p>Pr\u00edrodn\u00fd\u00a0<strong>v\u00fd\u017eivn\u00fd balzam na pery<\/strong>\u00a0je absol\u00fatnou nevyhnutnos\u0165ou a\u00a0<strong>neodmyslite\u013enou s\u00fa\u010das\u0165ou ka\u017ed\u00e9ho vrecka \u010di kabelky<\/strong>. \u0160ikovn\u00fd pomocn\u00edk, ktor\u00e9ho m\u00e1te v\u017edy poruke, sa\u00a0<strong>dokonale postar\u00e1 o jemn\u00e9, citliv\u00e9, vysu\u0161en\u00e9 \u010di popraskan\u00e9 pery, dod\u00e1 im potrebn\u00fa d\u00e1vku v\u00fd\u017eivy a podpor\u00ed ich r\u00fdchlej\u0161iu regener\u00e1ciu<\/strong>. Zbav\u00ed pocitu pnutia a nepr\u00edjemn\u00e9ho p\u00e1lenia, svrbenia \u010di \u0161upinatosti a\u00a0<strong>zanech\u00e1 len kr\u00e1sne vy\u017eiven\u00e9 a hladk\u00e9 pery ako stvoren\u00e9 pre rozd\u00e1vanie \u00fasmevov \ud83d\ude42<\/strong><\/p>\n<p><strong>HLAVN\u00c9 ZLO\u017dKY<\/strong><br \/>\n&gt;\u00a0<strong>bambuck\u00e9 maslo<\/strong>\u00a0&#8211; podporuje regenera\u010dn\u00e9 procesy, navracia elasticitu a pru\u017enos\u0165<br \/>\n&gt;\u00a0<strong>kakaov\u00e9 maslo<\/strong>\u00a0&#8211; vy\u017eivuje, zjem\u0148uje a chr\u00e1ni pred nepriazniv\u00fdmi vplyvmi prostredia<br \/>\n&gt;\u00a0<strong>marhu\u013eov\u00fd olej<\/strong>\u00a0&#8211; zvl\u00e1\u010d\u0148uje, zjem\u0148uje, upokojuje a z\u00e1sobuje vitam\u00ednmi A,C a E<br \/>\n&gt;\u00a0<strong>ric\u00ednov\u00fd olej<\/strong>\u00a0&#8211; regeneruje, zmier\u0148uje podr\u00e1\u017edenie a pom\u00e1ha predch\u00e1dza\u0165 vysu\u0161ovaniu<\/p>\n<p><strong>OBSAH<\/strong><br \/>\n5g<\/p>\n<p><strong>N\u00c1\u0160 TIP<\/strong><br \/>\nPou\u017e\u00edvajte organick\u00fd balzam na pery pravidelne, pred\u00eddete tak vysu\u0161ovaniu jemnej poko\u017eky pier. Aplikujte r\u00e1no, na obed, ve\u010der a kedyko\u013evek po\u010das d\u0148a, napr\u00edklad po jedle \u010di v\u00fddatnom n\u00e1poji, kedy sa nanesen\u00e1 vrstva str\u00e1ca.<br \/>\nV pr\u00edpade, \u017ee v\u00e1s tr\u00e1pi vysu\u0161en\u00e1 poko\u017eka v okol\u00ed nosa v d\u00f4sledku n\u00e1dchy \u010di vplyvu extr\u00e9mneho po\u010dasia, aplikujte balzam na pery aj na postihnut\u00e9 miesta, ktor\u00fdm pom\u00f4\u017ee k r\u00fdchlej\u0161ej regener\u00e1cii.<br \/>\nChr\u00e1\u0148te svoj balzam na pery pred vplyvom vysok\u00fdch tepl\u00f4t \u010di priameho slne\u010dn\u00e9ho \u017eiarenia, ktor\u00e9 by mohli sp\u00f4sobi\u0165 jeho topenie. Po op\u00e4tovnom stuhnut\u00ed sa v balzame m\u00f4\u017eu objavi\u0165 jemn\u00e9 biele &#8222;guli\u010dky&#8220;, ktor\u00e9 v\u0161ak nie s\u00fa vadou &#8211; ide o vyzr\u00e1\u017ean\u00e9 kakaov\u00e9 a bambuck\u00e9 maslo.<\/p>\n<p><strong>ODPOR\u00da\u010cAME KOMBINOVA\u0164<\/strong><br \/>\nOrganick\u00fd balzam na pery m\u00f4\u017eete kombinova\u0165 s v\u00fdrobkami rovnakej vonnej ed\u00edcie, ale vybra\u0165 si m\u00f4\u017eete tie\u017e ktor\u00e9ko\u013evek in\u00e9 v\u00fdrobky pre starostlivos\u0165 o ple\u0165, telo \u010di vlasy pod\u013ea va\u0161ich potrieb.<\/p>\n<p><strong>KONZERVA\u010cN\u00dd SYST\u00c9M V\u00ddROBKU A DOBA POU\u017dITIA<\/strong><br \/>\nOrganick\u00e9 zlo\u017eenie balzamu na pery bez obsahu vodnej f\u00e1zy nevy\u017eaduje pou\u017eitie konzerva\u010dn\u00fdch l\u00e1tok a predsa je v\u00fdrobok stabiln\u00fd. Po otvoren\u00ed odpor\u00fa\u010dame balzam na pery spotrebova\u0165 do 6 mesiacov.<\/p>\n<p><strong>OBAL V\u00ddROBKU A N\u00c1VRH NA RECYKL\u00c1CIU<\/strong><br \/>\nV\u00fdrobok je balen\u00fd v recyklovate\u013enej PET tube.<br \/>\nObal v\u00fdrobku je vratn\u00fd v r\u00e1mci n\u00e1\u0161ho recykla\u010dn\u00e9ho programu.<br \/>\nV pr\u00edpade, \u017ee sa rozhodnete obal v\u00fdrobku vyhodi\u0165, vho\u010fte ho do \u017elt\u00e9ho kontajnera ur\u010den\u00e9ho na zber plastov\u00e9ho odpadu.<\/p>\n<p><strong>APLIK\u00c1CIA<\/strong><br \/>\nPr\u00edpravok nan\u00e1\u0161ajte v primeranom mno\u017estve a pod\u013ea potreby na poko\u017eku pier.<\/p>\n<p><strong>UPOZORNENIA<\/strong><br \/>\nUr\u010den\u00e9 na ka\u017edodenn\u00e9 pou\u017eitie. Len na vonkaj\u0161ie pou\u017eitie. Uchov\u00e1vajte mimo dosahu det\u00ed. Skladujte na chladnom a suchom mieste, pri teplote do +30\u00b0C a nevystavujte priamemu slne\u010dn\u00e9mu \u017eiareniu a mrazu. Nepou\u017e\u00edva\u0165 na otvoren\u00e9 rany. Vyhnite sa oblasti o\u010d\u00ed. Pri zasiahnut\u00ed o\u010d\u00ed vyplachujte vla\u017enou vodou po dobu minim\u00e1lne 15 min\u00fat bez preru\u0161enia smerom od vn\u00fatorn\u00e9ho k\u00fatika k vonkaj\u0161iemu (v pr\u00edpade nosenia kontaktn\u00fdch \u0161o\u0161oviek ich odstr\u00e1ni\u0165 vopred). Ak d\u00f4jde k podr\u00e1\u017edeniu, vyh\u013eadajte lek\u00e1rsku pomoc.<br \/>\nPred prv\u00fdm pou\u017eit\u00edm sa odpor\u00fa\u010da previes\u0165 tzv. Patch test, t. j. aplikova\u0165 a otestova\u0165 kozmetick\u00fd pr\u00edpravok na jeho zn\u00e1\u0161anlivos\u0165 na malej pl\u00f4\u0161ke poko\u017eky, najlep\u0161ie na z\u00e1p\u00e4st\u00ed a po\u010dka\u0165 24h. Touto met\u00f3dou sa m\u00f4\u017ee pred\u00eds\u0165 n\u00e1stupu alergick\u00fdch reakci\u00ed a precitlivenosti na dan\u00fd v\u00fdrobok. Ak po aplik\u00e1cii sa prejav\u00ed alergick\u00e1 reakcia, povrch poko\u017eky zmyte vla\u017enou vodou. V\u00fdrobok okam\u017eite presta\u0148te pou\u017e\u00edva\u0165. Ak alergick\u00e1 reakcia pretrv\u00e1 po dlh\u0161iu dobu vyh\u013eadajte lek\u00e1rsku pomoc.<\/p>\n<p><strong>ZLO\u017dENIE<\/strong><br \/>\nCera Alba (v\u010del\u00ed vosk)*, Cocos Nucifera Oil\u00a0(kokosov\u00fd olej)*, Ricinus Communis Seed Oil (ric\u00ednov\u00fd olej)*,\u00a0Theobroma Cacao Seed Butter (kakaov\u00e9 maslo)*, Prunus Armeniaca Seed Oil (marhu\u013eov\u00fd olej)*, Vitis Vinifera Seed Oil (olej z hroznov\u00fdch jadier)*,\u00a0Butyrospermum Parkii Butter (bambuck\u00e9 maslo)*, Theobroma Cacao Fruit Extract,\u00a0\u00a0Theobroma Cacao Powder<\/p>\n<p>*certifikovan\u00e1 organick\u00e1 zlo\u017eka<\/p>\n","protected":false},"excerpt":{"rendered":"<p>Organick\u00fd kakaov\u00fd balzam na pery\u00a0<strong>s neodolate\u013enou v\u00f4\u0148ou kakaov\u00fdch b\u00f4bov<\/strong>\u00a0a \u00fa\u017easne regenera\u010dn\u00fdmi \u00fa\u010dinkami je ide\u00e1lnou vo\u013ebou pre ka\u017ed\u00e9ho milovn\u00edka pravej hor\u00facej \u010dokol\u00e1dy. V\u00f4\u0148a kakaa a \u010dokol\u00e1dy pozit\u00edvne vpl\u00fdva na psychiku, vzbudzuje dobr\u00fa n\u00e1ladu a zah\u00e1\u0148a obavy a stres.\u00a0<strong>Pr\u00edrodn\u00fd v\u00fd\u017eivn\u00fd balzam na pery s obsahom cenn\u00fdch rastlinn\u00fdch masiel a olejov<\/strong>\u00a0je skvel\u00fdm prostriedkom pre starostlivos\u0165 o\u00a0<strong>citliv\u00fa poko\u017eku pier<\/strong>, ktorej\u00a0<strong>pom\u00e1ha udr\u017eiava\u0165 dobr\u00fa kond\u00edciu a vytv\u00e1ra na nej jemn\u00fa vrstvi\u010dku<\/strong>,\u00a0<strong>predch\u00e1dza nepr\u00edjemn\u00e9mu pnutiu, svrbeniu \u010di vysu\u0161ovaniu<\/strong>. Obsiahnut\u00e9 kakaov\u00e9 a bambuck\u00e9 maslo chr\u00e1nia pred vplyvom okolit\u00e9ho prostredia a spolu s ric\u00ednov\u00fdm, kokosov\u00fdm, marhu\u013eov\u00fdm a hroznov\u00fdm olejom dod\u00e1vaj\u00fa poko\u017eke potrebn\u00fa\u00a0<strong>d\u00e1vku vitam\u00ednov, zjem\u0148uj\u00fa, upokojuj\u00fa a udr\u017eiavaj\u00fa elasticitu<\/strong>. 100% organick\u00e9\u00a0<strong>zlo\u017eenie bez \u017eivo\u010d\u00ed\u0161nych tukov, ropn\u00fdch deriv\u00e1tov, chemick\u00fdch a konzerva\u010dn\u00fdch pr\u00edsad, syntetick\u00fdch farb\u00edv a parfum\u00e1cie.<\/strong><\/p>\n<p>Organick\u00fd balzam na pery je vhodn\u00fd\u00a0<strong>pre v\u0161etky typy poko\u017eky.<\/strong><\/p>\n<p>&gt; poskytuje starostlivos\u0165 o such\u00fa, citliv\u00fa po\u0161koden\u00fa a popraskan\u00fa poko\u017eku pier<br \/>\n&gt; vhodn\u00fd pre ka\u017edodenn\u00e9 o\u0161etrenie<br \/>\n&gt; upokojuje a podporuje regener\u00e1ciu<br \/>\n&gt; p\u00f4sob\u00ed prevent\u00edvne pred pred\u010dasn\u00fdm starnut\u00edm poko\u017eky<br \/>\n&gt; chr\u00e1ni pred nepriazniv\u00fdmi vplyvmi okolit\u00e9ho prostredia<br \/>\n&gt; zjem\u0148uje, zvl\u00e1\u010d\u0148uje a udr\u017eiava elasticitu<\/p>\n<p>&gt; ORGANICK\u00dd BALZAM NA PERY<br \/>\n&gt; SO ZVL\u00c1\u010c\u0147UJ\u00daCIMI OLEJMI<br \/>\n&gt; PRE JEMN\u00c9 A VY\u017dIVEN\u00c9 PERY<br \/>\n&gt;\u00a0S\u00a0V\u00d4\u0147OU SLADK\u00c9HO KAKAA<\/p>\n<p>5g<\/p>\n","protected":false},"featured_media":2088,"comment_status":"open","ping_status":"closed","template":"","meta":{"site-sidebar-layout":"default","site-content-layout":"","ast-site-content-layout":"default","site-content-style":"default","site-sidebar-style":"default","ast-global-header-display":"","ast-banner-title-visibility":"","ast-main-header-display":"","ast-hfb-above-header-display":"","ast-hfb-below-header-display":"","ast-hfb-mobile-header-display":"","site-post-title":"","ast-breadcrumbs-content":"","ast-featured-img":"","footer-sml-layout":"","theme-transparent-header-meta":"default","adv-header-id-meta":"","stick-header-meta":"","header-above-stick-meta":"","header-main-stick-meta":"","header-below-stick-meta":"","astra-migrate-meta-layouts":"set","ast-page-background-enabled":"default","ast-page-background-meta":{"desktop":{"background-color":"var(--ast-global-color-4)","background-image":"","background-repeat":"repeat","background-position":"center center","background-size":"auto","background-attachment":"scroll","background-type":"","background-media":"","overlay-type":"","overlay-color":"","overlay-opacity":"","overlay-gradient":""},"tablet":{"background-color":"","background-image":"","background-repeat":"repeat","background-position":"center center","background-size":"auto","background-attachment":"scroll","background-type":"","background-media":"","overlay-type":"","overlay-color":"","overlay-opacity":"","overlay-gradient":""},"mobile":{"background-color":"","background-image":"","background-repeat":"repeat","background-position":"center center","background-size":"auto","background-attachment":"scroll","background-type":"","background-media":"","overlay-type":"","overlay-color":"","overlay-opacity":"","overlay-gradient":""}},"ast-content-background-meta":{"desktop":{"background-color":"var(--ast-global-color-5)","background-image":"","background-repeat":"repeat","background-position":"center center","background-size":"auto","background-attachment":"scroll","background-type":"","background-media":"","overlay-type":"","overlay-color":"","overlay-opacity":"","overlay-gradient":""},"tablet":{"background-color":"var(--ast-global-color-5)","background-image":"","background-repeat":"repeat","background-position":"center center","background-size":"auto","background-attachment":"scroll","background-type":"","background-media":"","overlay-type":"","overlay-color":"","overlay-opacity":"","overlay-gradient":""},"mobile":{"background-color":"var(--ast-global-color-5)","background-image":"","background-repeat":"repeat","background-position":"center center","background-size":"auto","background-attachment":"scroll","background-type":"","background-media":"","overlay-type":"","overlay-color":"","overlay-opacity":"","overlay-gradient":""}}},"product_cat":[49,30],"product_tag":[],"class_list":{"0":"post-2087","1":"product","2":"type-product","3":"status-publish","4":"has-post-thumbnail","6":"product_cat-balzamy-a-lesky-na-pery","7":"product_cat-kozmetika","8":"desktop-align-center","9":"tablet-align-center","10":"mobile-align-center","12":"first","13":"instock","14":"taxable","15":"shipping-taxable","16":"purchasable","17":"product-type-simple"},"_links":{"self":[{"href":"https:\/\/mmtest1.top\/index.php?rest_route=\/wp\/v2\/product\/2087","targetHints":{"allow":["GET"]}}],"collection":[{"href":"https:\/\/mmtest1.top\/index.php?rest_route=\/wp\/v2\/product"}],"about":[{"href":"https:\/\/mmtest1.top\/index.php?rest_route=\/wp\/v2\/types\/product"}],"replies":[{"embeddable":true,"href":"https:\/\/mmtest1.top\/index.php?rest_route=%2Fwp%2Fv2%2Fcomments&post=2087"}],"wp:featuredmedia":[{"embeddable":true,"href":"https:\/\/mmtest1.top\/index.php?rest_route=\/wp\/v2\/media\/2088"}],"wp:attachment":[{"href":"https:\/\/mmtest1.top\/index.php?rest_route=%2Fwp%2Fv2%2Fmedia&parent=2087"}],"wp:term":[{"taxonomy":"product_cat","embeddable":true,"href":"https:\/\/mmtest1.top\/index.php?rest_route=%2Fwp%2Fv2%2Fproduct_cat&post=2087"},{"taxonomy":"product_tag","embeddable":true,"href":"https:\/\/mmtest1.top\/index.php?rest_route=%2Fwp%2Fv2%2Fproduct_tag&post=2087"}],"curies":[{"name":"wp","href":"https:\/\/api.w.org\/{rel}","templated":true}]}}