{"id":2034,"date":"2024-07-24T13:50:29","date_gmt":"2024-07-24T11:50:29","guid":{"rendered":"https:\/\/mmtest1.top\/?post_type=product&#038;p=2034"},"modified":"2024-07-24T13:51:10","modified_gmt":"2024-07-24T11:51:10","slug":"freshderma-osviezujuci-sprchovy-gel-s-chladivym-efektom-menthol-eucalyptus","status":"publish","type":"product","link":"https:\/\/mmtest1.top\/?product=freshderma-osviezujuci-sprchovy-gel-s-chladivym-efektom-menthol-eucalyptus","title":{"rendered":"FRESHDERMA+ OSVIE\u017dUJ\u00daCI SPRCHOV\u00dd G\u00c9L S CHLADIV\u00ddM EFEKTOM MENTHOL &#038; EUCALYPTUS"},"content":{"rendered":"<p><span style=\"font-size: 16px;\">U\u017eite si osvie\u017eenie aj po najhor\u00facej\u0161\u00edch letn\u00fdch d\u0148och s na\u0161\u00edm limitovan\u00fdm pr\u00edrodn\u00fdm sprchovac\u00edm g\u00e9lom s chladiv\u00fdm \u00fa\u010dinkom. Jeho jemn\u00e1 pena a osvie\u017euj\u00face zlo\u017eenie z kokosov\u00e9ho oleja s pridan\u00fdm eukalyptov\u00fdm esenci\u00e1lnym olejom a mentolom poskytuj\u00fa dokonal\u00e9 zv\u00fd\u0161enie energetickej hladiny a chladiv\u00fd pocit na poko\u017eke. Zmierni\u0165 podr\u00e1\u017edenie, upokoji\u0165 a osvie\u017ei\u0165 sa teraz st\u00e1va jednoduch\u0161\u00edm ako kedyko\u013evek predt\u00fdm! A \u010do je e\u0161te lep\u0161ie, na\u0161a recept\u00fara priate\u013esk\u00e1 k \u017eivotn\u00e9mu prostrediu sa postar\u00e1 o to, \u017ee ani va\u0161a poko\u017eka ani plan\u00e9ta nebud\u00fa za\u0165a\u017een\u00e9. U\u017eite si o\u010distu s \u010dist\u00fdm svedom\u00edm!<\/span><\/p>\n<div class=\"tab-content \">\n<div id=\"description\" class=\"tab-pane active \" role=\"tabpanel\">\n<div class=\"tab-pane-body\">\n<div class=\"product-description\">\n<div class=\"product_description_container style_content truncate_block st_showless_block_0 truncate_cate_desc_0\">\n<div class=\"st_read_more_box\">\n<p><strong>HLAVN\u00c9 ZLO\u017dKY<\/strong><br \/>\n&gt; jojobov\u00fd olej &#8211; zjem\u0148uje, zv\u00e1\u010d\u0148uje a vy\u017eivuje poko\u017eku<br \/>\n&gt; eukalyptov\u00e1 silica a mentol \u2013 spolo\u010dne dopraj\u00fa osvie\u017euj\u00faci a par\u00e1dny chladiv\u00fd \u00fa\u010dinok, eliminuj\u00fa za\u010dervenanie a podporuj\u00fa upokojenie podr\u00e1\u017edenej poko\u017eky<br \/>\n&gt; aloe vera &#8211; upokojuje podr\u00e1\u017edenie, napom\u00e1ha udr\u017eiava\u0165 hydrat\u00e1ciu<\/p>\n<p><strong>OBSAH<\/strong><br \/>\n250ml<\/p>\n<p><strong>N\u00c1\u0160 TIP<\/strong><br \/>\nAk chcete udr\u017ea\u0165 svoju poko\u017eku hydratovan\u00fa a zdrav\u00fa po\u010das hor\u00facich letn\u00fdch dn\u00ed, alebo ju zregenerova\u0165 po slnen\u00ed, je tu pre v\u00e1s na\u0161a limitovan\u00e1 ed\u00edcia pre jar\/leto. Limitovan\u00e9 v\u00fdrobky s\u00fa navrhnut\u00e9 tak, aby sa vz\u00e1jomne dop\u013a\u0148ali a zabezpe\u010dili \u00fa\u010dinn\u00fa starostlivos\u0165 o va\u0161u poko\u017eku. A to v\u0161etko v balen\u00ed, ktor\u00e9 je \u0161etrn\u00e9 k \u017eivotn\u00e9mu prostrediu &#8211; recyklovate\u013en\u00e9 PET alebo recyklovan\u00e9 rPET obaly s praktickou pumpi\u010dkou pre \u0161etrn\u00e9 d\u00e1vkovanie.<br \/>\nM\u00f4\u017eete si by\u0165 ist\u00ed, \u017ee v\u00fdrobok bude va\u0161ou prvou vo\u013ebou pre denn\u00fa starostlivos\u0165 o va\u0161u poko\u017eku. A ke\u010f\u017ee n\u00e1s zauj\u00edma aj \u017eivotn\u00e9 prostredie, \u0161etrime spolo\u010dne vodu po\u010das pou\u017e\u00edvania v\u00fdrobkov a po ich spotrebovan\u00ed n\u00e1m ich obaly vr\u00e1\u0165te na recykl\u00e1ciu. Va\u0161a poko\u017eka a na\u0161a plan\u00e9ta bud\u00fa v\u010fa\u010dn\u00e9.<\/p>\n<p><strong>ODPOR\u00da\u010cAME KOMBINOVA\u0164<\/strong><br \/>\nOrganick\u00fd sprchovac\u00ed g\u00e9l odpor\u00fa\u010dame kombinova\u0165 s v\u00fdrobkami Sunnyphoria, Sensiderma \u010di Cooling Jelly \u2013 chladiv\u00fdm g\u00e9lom aloe vera &amp; eukalyptus.<\/p>\n<p><strong>V\u00d4\u0147A V\u00ddROBKU<\/strong><br \/>\nPr\u00edjemn\u00e1 osvie\u017euj\u00faca a\u017e chladiv\u00e1 mentolov\u00e1 v\u00f4\u0148a eukalyptu a mentolu.<\/p>\n<p><strong>FARBA V\u00ddROBKU<\/strong><br \/>\nV\u00fdrobok bez obsahu syntetick\u00fdch farb\u00edv v\u010fa\u010d\u00ed za svoje tyrkysov\u00e9 sfarbenie v\u00fdhradne pr\u00edrodn\u00fdm rastlinn\u00fdm extraktom a pr\u00e1\u0161kom.<\/p>\n<p><strong>KONZISTENCIA V\u00ddROBKU<\/strong><br \/>\nSprchovac\u00ed g\u00e9l je jemnej g\u00e9lovitej konzistencie. Vplyvom pridan\u00fdch esenci\u00e1lnych olejov m\u00f4\u017ee by\u0165 konzistencia prirodzene red\u0161ia \u010di hustej\u0161ia, zmeny konzistencie v\u0161ak nezna\u010dia vadu v\u00fdrobku.<\/p>\n<p><strong>KONZERVA\u010cN\u00dd SYST\u00c9M V\u00ddROBKU A DOBA POU\u017dITIA<\/strong><br \/>\n\u00da\u010dinn\u00fd a v pr\u00edrodnej kozmetike vyh\u013ead\u00e1van\u00fd stabiliza\u010dn\u00fd komplex dermorganics\u00ae 1388 je zalo\u017een\u00fd na zmesi rastlinn\u00fdch zlo\u017eiek v kombin\u00e1cii s rastlinn\u00fdm glycerolom v organickej kvalite. Jednotliv\u00e9 zlo\u017eky komplexu maj\u00fa p\u00f4vod v cukrovej trstine, badi\u00e1ne, s\u00f3ji \u010di kukurici. Po otvoren\u00ed v\u00fdrobok odpor\u00fa\u010dame spotrebova\u0165 do 9 mesiacov..<\/p>\n<p><strong>OBAL V\u00ddROBKU A N\u00c1VRH NA RECYKL\u00c1CIU<\/strong><br \/>\nOrganick\u00fd sprchovac\u00ed g\u00e9l je balen\u00fd v recyklovate\u013enej PET f\u013ea\u0161ti\u010dke o objeme 250ml, alebo v recyklovanej rPET f\u013ea\u0161ti\u010dke v toto\u017enom objeme. Oba typy obalov\u00fdch materi\u00e1lov s\u00fa vratn\u00e9 v r\u00e1mci n\u00e1\u0161ho recykla\u010dn\u00e9ho programu.<br \/>\nV pr\u00edpade, \u017ee sa rozhodnete po spotrebovan\u00ed obal v\u00fdrobku vyhodi\u0165, vho\u010fte ho do \u017elt\u00e9ho kontajnera na plastov\u00fd separovan\u00fd odpad.<\/p>\n<p><strong>APLIK\u00c1CIA<\/strong><br \/>\nPrimeran\u00e9 mno\u017estvo pr\u00edpravku naneste na mokr\u00fa poko\u017eku a kr\u00fa\u017eiv\u00fdmi pohybmi vytvorte penu, n\u00e1sledne opl\u00e1chnite vodou vhodnej teploty.<\/p>\n<p><strong>UPOZORNENIA<\/strong><br \/>\nUr\u010den\u00e9 na ka\u017edodenn\u00e9 pou\u017eitie. Uchov\u00e1vajte mimo dosahu det\u00ed. Skladujte na chladnom a suchom mieste, pri teplote do +30\u00b0C a nevystavujte priamemu slne\u010dn\u00e9mu \u017eiareniu a mrazu. Nepou\u017e\u00edva\u0165 na otvoren\u00e9 rany. Pri zasiahnut\u00ed o\u010d\u00ed vyplachujte vla\u017enou vodou po dobu minim\u00e1lne 15 min\u00fat bez preru\u0161enia smerom od vn\u00fatorn\u00e9ho k\u00fatika k vonkaj\u0161iemu (v pr\u00edpade nosenia kontaktn\u00fdch \u0161o\u0161oviek ich odstr\u00e1ni\u0165 vopred). Ak d\u00f4jde k podr\u00e1\u017edeniu, vyh\u013eadajte lek\u00e1rsku pomoc.<br \/>\nPred prv\u00fdm pou\u017eit\u00edm sa odpor\u00fa\u010da previes\u0165 tzv. Patch test, t. j. aplikova\u0165 a otestova\u0165 kozmetick\u00fd pr\u00edpravok na jeho zn\u00e1\u0161anlivos\u0165 na malej pl\u00f4\u0161ke poko\u017eky, najlep\u0161ie na z\u00e1p\u00e4st\u00ed a po\u010dka\u0165 24h. Touto met\u00f3dou sa m\u00f4\u017ee pred\u00eds\u0165 n\u00e1stupu alergick\u00fdch reakci\u00ed a precitlivenosti na dan\u00fd v\u00fdrobok. Ak po aplik\u00e1cii sa prejav\u00ed alergick\u00e1 reakcia, povrch poko\u017eky zmyte vla\u017enou vodou. V\u00fdrobok okam\u017eite presta\u0148te pou\u017e\u00edva\u0165. Ak alergick\u00e1 reakcia pretrv\u00e1 po dlh\u0161iu dobu vyh\u013eadajte lek\u00e1rsku pomoc.<\/p>\n<p><strong>ZLO\u017dENIE<\/strong><br \/>\nAqua (voda), Decyl Glucoside (povrchovo akt\u00edvna zlo\u017eka rastlinn\u00e9ho p\u00f4vodu)*, Lauryl Betaine (povrchovo akt\u00edvna zlo\u017eka rastlinn\u00e9ho p\u00f4vodu)*, Xanthan Gum (stabiliz\u00e1tor rastlinn\u00e9ho p\u00f4vodu)*, Menthol (mentol), Eucalyptus Globulus Leaf Oil (blahovi\u010dn\u00edk gu\u013eatoplod\u00fd)*, Simmondsia Chinensis Seed Oil (jojobov\u00fd olej)*, Aloe Barbadensis Leaf Juice Powder (aloe vera)*, dermorganics\u00ae 1388 (Sodium Levulinate, Sodium Anisate, Glycerin, Aqua), Citric Acid, Spirulina Maxima Powder (pr\u00e1\u0161ok z modrej a zelenej spiruliny), ***Limonene<\/p>\n<p>*certifikovan\u00e1 organick\u00e1 zlo\u017eka<br \/>\n***vyskytuj\u00face sa prirodzene v esenci\u00e1lnych olejoch a pr\u00edrodn\u00fdch v\u00f4\u0148ach<\/p>\n<\/div>\n<\/div>\n<\/div>\n<\/div>\n<\/div>\n<\/div>\n","protected":false},"excerpt":{"rendered":"<p>Pridajte do svojej starostlivosti organick\u00fd sprchovac\u00ed g\u00e9l, ktor\u00fd je vytvoren\u00fd z t\u00fdch najlep\u0161\u00edch pr\u00edrodn\u00fdch surov\u00edn! Jeho \u0161etrn\u00e9 zlo\u017eenie zalo\u017een\u00e9 na deriv\u00e1toch z kokosov\u00e9ho oleja, bez obsahu sulf\u00e1tov, silik\u00f3nov a parab\u00e9nov, dokonale \u010dist\u00ed va\u0161u poko\u017eku a z\u00e1rove\u0148 ju hydratuje a osvie\u017euje. Ni\u010d\u00edm nenar\u00fa\u0161a jej prirodzen\u00fa ochrann\u00fa bari\u00e9ru, v\u010faka \u010domu je ide\u00e1lny aj pre citliv\u00fa a vysu\u0161en\u00fa poko\u017eku. Ak m\u00e1te atopick\u00fd alebo ekzematick\u00fd typ poko\u017eky, nev\u00e1hajte &#8211; tento v\u00fdrobok je pre v\u00e1s! Jojobov\u00fd olej dod\u00e1va va\u0161ej poko\u017eke v\u00fd\u017eivu a zjem\u0148uje ju, zatia\u013e \u010do aloe vera upokojuje podr\u00e1\u017edenie a za\u010dervenanie. Eukalyptov\u00fd esenci\u00e1lny olej povzbudzuje a osvie\u017euje, zatia\u013e \u010do mentol poskytuje chladiv\u00fd efekt. Tento jemn\u00fd sprchovac\u00ed g\u00e9l je ako stvoren\u00fd na o\u017eivenie vitality va\u0161ej poko\u017eky po\u010das hor\u00facich letn\u00fdch dn\u00ed, ale aj na uk\u013eudnenie za\u010dervenanej a sp\u00e1lenej poko\u017eky po dlhom slnen\u00ed. Zmier\u0148uje prejavy podr\u00e1\u017edenia a upokojuje nam\u00e1han\u00fa a za\u010dervenan\u00fa poko\u017eku po slnen\u00ed, pop\u00e1len\u00ed alebo u\u0161tipnut\u00ed hmyzom. A to v\u0161etko v recyklovate\u013enom obale s praktickou pumpi\u010dkou, ktor\u00fd chr\u00e1ni na\u0161e \u017eivotn\u00e9 prostredie!<\/p>\n<p>Organick\u00fd sprchovac\u00ed g\u00e9l je ide\u00e1lny pre ka\u017edodenn\u00e9 pou\u017eitie a vhodn\u00fd pre v\u0161etky typy poko\u017eky.<\/p>\n<p>&#8211;\u00a0\u00a0 \u00a0Prekvapte svoju poko\u017eku organick\u00fdm sprchovac\u00edm g\u00e9lom, ktor\u00fd zanech\u00e1va jemn\u00fa a zvl\u00e1\u010dnen\u00fa poko\u017eku, bez toho aby ju dr\u00e1\u017edil alebo vysu\u0161oval.<br \/>\n&#8211;\u00a0\u00a0 \u00a0\u0160etrn\u00e9 zlo\u017eenie obsahuje pr\u00edrodn\u00e9 tenzidy z deriv\u00e1tov kokosov\u00e9ho oleja, ktor\u00e9 chr\u00e1nia prirodzen\u00fa ochrann\u00fa vrstvu poko\u017eky.<br \/>\n&#8211;\u00a0\u00a0 \u00a0Jojobov\u00fd olej dod\u00e1va poko\u017eke v\u00fd\u017eivu a zjem\u0148uje ju, zatia\u013e \u010do aloe vera upokojuje podr\u00e1\u017edenie a za\u010dervenanie, najm\u00e4 po opa\u013eovan\u00ed.<br \/>\n&#8211;\u00a0\u00a0 \u00a0Navy\u0161e, pridan\u00fd eukalyptov\u00fd olej a mentol poskytuj\u00fa chladiv\u00e9 povzbudenie a dlhotrvaj\u00faci pocit svie\u017eosti.<br \/>\n&#8211;\u00a0\u00a0 \u00a0Tento sprchovac\u00ed g\u00e9l je ako stvoren\u00fd na o\u017eivenie poko\u017eky po\u010das hor\u00facich letn\u00fdch dn\u00ed, ale aj na zmiernenie prejavov podr\u00e1\u017edenia a upokojenie sp\u00e1lenej \u010di za\u010dervenanej poko\u017eky.<\/p>\n<p>&gt; VEGAN SPRCHOVAC\u00cd G\u00c9L<br \/>\n&gt; OSVIE\u017dUJ\u00daCA CHLADIV\u00c1 V\u00d4\u0147A<br \/>\n&gt; SO ZVL\u00c1\u010c\u0147UJ\u00daCIMI OLEJMI<br \/>\n&gt; BEZ SILIK\u00d3NOV A PARAB\u00c9NOV<\/p>\n<p>250ml<\/p>\n","protected":false},"featured_media":2035,"comment_status":"open","ping_status":"closed","template":"","meta":{"site-sidebar-layout":"default","site-content-layout":"","ast-site-content-layout":"default","site-content-style":"default","site-sidebar-style":"default","ast-global-header-display":"","ast-banner-title-visibility":"","ast-main-header-display":"","ast-hfb-above-header-display":"","ast-hfb-below-header-display":"","ast-hfb-mobile-header-display":"","site-post-title":"","ast-breadcrumbs-content":"","ast-featured-img":"","footer-sml-layout":"","theme-transparent-header-meta":"default","adv-header-id-meta":"","stick-header-meta":"","header-above-stick-meta":"","header-main-stick-meta":"","header-below-stick-meta":"","astra-migrate-meta-layouts":"set","ast-page-background-enabled":"default","ast-page-background-meta":{"desktop":{"background-color":"var(--ast-global-color-4)","background-image":"","background-repeat":"repeat","background-position":"center center","background-size":"auto","background-attachment":"scroll","background-type":"","background-media":"","overlay-type":"","overlay-color":"","overlay-opacity":"","overlay-gradient":""},"tablet":{"background-color":"","background-image":"","background-repeat":"repeat","background-position":"center center","background-size":"auto","background-attachment":"scroll","background-type":"","background-media":"","overlay-type":"","overlay-color":"","overlay-opacity":"","overlay-gradient":""},"mobile":{"background-color":"","background-image":"","background-repeat":"repeat","background-position":"center center","background-size":"auto","background-attachment":"scroll","background-type":"","background-media":"","overlay-type":"","overlay-color":"","overlay-opacity":"","overlay-gradient":""}},"ast-content-background-meta":{"desktop":{"background-color":"var(--ast-global-color-5)","background-image":"","background-repeat":"repeat","background-position":"center center","background-size":"auto","background-attachment":"scroll","background-type":"","background-media":"","overlay-type":"","overlay-color":"","overlay-opacity":"","overlay-gradient":""},"tablet":{"background-color":"var(--ast-global-color-5)","background-image":"","background-repeat":"repeat","background-position":"center center","background-size":"auto","background-attachment":"scroll","background-type":"","background-media":"","overlay-type":"","overlay-color":"","overlay-opacity":"","overlay-gradient":""},"mobile":{"background-color":"var(--ast-global-color-5)","background-image":"","background-repeat":"repeat","background-position":"center center","background-size":"auto","background-attachment":"scroll","background-type":"","background-media":"","overlay-type":"","overlay-color":"","overlay-opacity":"","overlay-gradient":""}}},"product_cat":[30,65,40,38],"product_tag":[],"class_list":{"0":"post-2034","1":"product","2":"type-product","3":"status-publish","4":"has-post-thumbnail","6":"product_cat-kozmetika","7":"product_cat-organicke-sprchove-gely","8":"product_cat-sprchovanie-a-kupel","9":"product_cat-telo","10":"desktop-align-center","11":"tablet-align-center","12":"mobile-align-center","14":"first","15":"instock","16":"taxable","17":"shipping-taxable","18":"purchasable","19":"product-type-simple"},"_links":{"self":[{"href":"https:\/\/mmtest1.top\/index.php?rest_route=\/wp\/v2\/product\/2034","targetHints":{"allow":["GET"]}}],"collection":[{"href":"https:\/\/mmtest1.top\/index.php?rest_route=\/wp\/v2\/product"}],"about":[{"href":"https:\/\/mmtest1.top\/index.php?rest_route=\/wp\/v2\/types\/product"}],"replies":[{"embeddable":true,"href":"https:\/\/mmtest1.top\/index.php?rest_route=%2Fwp%2Fv2%2Fcomments&post=2034"}],"wp:featuredmedia":[{"embeddable":true,"href":"https:\/\/mmtest1.top\/index.php?rest_route=\/wp\/v2\/media\/2035"}],"wp:attachment":[{"href":"https:\/\/mmtest1.top\/index.php?rest_route=%2Fwp%2Fv2%2Fmedia&parent=2034"}],"wp:term":[{"taxonomy":"product_cat","embeddable":true,"href":"https:\/\/mmtest1.top\/index.php?rest_route=%2Fwp%2Fv2%2Fproduct_cat&post=2034"},{"taxonomy":"product_tag","embeddable":true,"href":"https:\/\/mmtest1.top\/index.php?rest_route=%2Fwp%2Fv2%2Fproduct_tag&post=2034"}],"curies":[{"name":"wp","href":"https:\/\/api.w.org\/{rel}","templated":true}]}}