{"id":1343,"date":"2024-02-13T16:26:39","date_gmt":"2024-02-13T15:26:39","guid":{"rendered":"https:\/\/mmtest1.top\/?post_type=product&#038;p=1343"},"modified":"2024-02-13T16:26:39","modified_gmt":"2024-02-13T15:26:39","slug":"pupalkovy-olej","status":"publish","type":"product","link":"https:\/\/mmtest1.top\/?product=pupalkovy-olej","title":{"rendered":"PUPALKOV\u00dd OLEJ"},"content":{"rendered":"<p>Organick\u00fd panensk\u00fd olej alebo olejov\u00fd macer\u00e1t\u00a0<strong>predstavuje v\u0161estrann\u00fd kozmetick\u00fd produkt \u010disto pr\u00edrodn\u00e9ho p\u00f4vodu<\/strong>. V\u010faka p\u00f4vodu<strong>\u00a0z ekologick\u00e9ho hospod\u00e1rstva<\/strong>\u00a0a z\u00e1rove\u0148\u00a0<strong>\u0161etrn\u00e9mu sp\u00f4sobu v\u00fdroby a spracovania<\/strong>\u00a0si organick\u00fd olej\u00a0<strong>uchov\u00e1va v\u00fdznamn\u00e9 mno\u017estvo prirodzene obsiahnut\u00fdch l\u00e1tok vo forme \u017eiv\u00edn a vitam\u00ednov<\/strong>, ktor\u00e9\u00a0<strong>prospievaj\u00fa ako pleti, tak i poko\u017eke cel\u00e9ho tela, vlasovej poko\u017eke a v neposlednom rade aj vlasom<\/strong>. Jeho vyu\u017eitie je skuto\u010dne univerz\u00e1lne,\u00a0<strong>posl\u00fa\u017ei ako n\u00e1hrada za telov\u00fd alebo ple\u0165ov\u00fd kr\u00e9m, ktor\u00fd tie\u017e v\u00fdborne dop\u013a\u0148a pri aplik\u00e1cii oboch v\u00fdrobkov<\/strong>. Taktie\u017e\u00a0<strong>o\u0161etr\u00ed vlasov\u00fa poko\u017eku, na ktor\u00fa m\u00f4\u017ee by\u0165 aplikovan\u00fd vo forme z\u00e1balu, postar\u00e1 sa o zdrav\u00e9, kr\u00e1sne a leskl\u00e9 vlasy<\/strong>. V kombin\u00e1cii s kozmetick\u00fdm \u00edlom\u00a0<strong>vy\u010dar\u00ed blahodarn\u00fa masku na ple\u0165, vlasy alebo na postihnut\u00e9 miesta<\/strong>, ktor\u00fa si hravo priprav\u00edte v pohodl\u00ed domova.<\/p>\n<p>Ob\u013e\u00fabenos\u0165 vyu\u017e\u00edvania rastlinn\u00fdch olejov pre kozmetick\u00e9 ritu\u00e1ly sa uv\u00e1dza u\u017e v prv\u00fdch zmienkach o kozmetickej starostlivosti o zdravie a kr\u00e1su \u013eudsk\u00e9ho tela. V\u010fa\u010dia za to svojim\u00a0<strong>v\u00fdnimo\u010dn\u00fdm vlastnostiam a schopnostiam, ktor\u00e9 sa l\u00ed\u0161ia v z\u00e1vislosti od konkr\u00e9tneho druhu oleja<\/strong>. Organick\u00e9 oleje\u00a0<strong>m\u00f4\u017eu \u0161irokospektr\u00e1lne napom\u00e1ha\u0165 k zlep\u0161eniu stavu poko\u017eky<\/strong>, z\u00e1sobuj\u00fa ju vitam\u00ednmi a vz\u00e1cnymi stopov\u00fdmi prvkami,\u00a0<strong>podporuj\u00fa jej ochrann\u00fa bari\u00e9ru<\/strong>,\u00a0<strong>elasticitu a jednotn\u00fd t\u00f3n, zlep\u0161uj\u00fa jej \u0161trukt\u00faru<\/strong>\u00a0a v niektor\u00fdch pr\u00edpadoch sa dokonca\u00a0<strong>osved\u010duj\u00fa ako \u00fa\u010dinn\u00fd prostriedok pre zlep\u0161enie dermatit\u00edd<\/strong>\u00a0a mnoh\u00fdch nepr\u00edjemn\u00fdch ko\u017en\u00fdch probl\u00e9mov od extr\u00e9mnej dehydrat\u00e1cie, ktor\u00fa eliminuj\u00fa t\u00fdm, \u017ee\u00a0<strong>pom\u00e1haj\u00fa poko\u017eke udr\u017eiava\u0165 vlahu<\/strong>\u00a0a\u017e po ekzematick\u00e9 prejavy, ktor\u00e9 pom\u00e1haj\u00fa zmier\u0148ova\u0165.<\/p>\n<p><strong>OBSAH<\/strong><br \/>\n50 ml<\/p>\n<p><strong>KRAJINA P\u00d4VODU<\/strong><br \/>\nFranc\u00fazsko<\/p>\n<p><strong>N\u00c1\u0160 TIP<\/strong><br \/>\nBio ple\u0165ov\u00fd olej je skuto\u010dne v\u0161estrann\u00fdm kozmetick\u00fdm pomocn\u00edkom.<br \/>\nM\u00f4\u017eete ho vyu\u017ei\u0165 samostatne pre starostlivos\u0165 o ple\u0165, telo \u010di vlasy, alebo prida\u0165 p\u00e1r kvapiek k svojmu ob\u013e\u00faben\u00e9mu ple\u0165ov\u00e9mu \u010di telov\u00e9mu kr\u00e9mu priamo pred nanesen\u00edm.<br \/>\nVytvorte si ple\u0165ov\u00fa alebo vlasov\u00fa masku pod\u013ea svojich potrieb. Zmie\u0161ajte svoj ob\u013e\u00faben\u00fd kozmetick\u00fd \u00edl s vhodn\u00fdm mno\u017estvom organick\u00e9ho oleja a naneste na ple\u0165 \u010di vlasov\u00fa poko\u017eku. Prida\u0165 m\u00f4\u017eete i p\u00e1r kvapiek esenci\u00e1lneho oleja pod\u013ea \u017eelan\u00e9ho \u00fa\u010dinku.<\/p>\n<p><strong>ODPOR\u00da\u010cAME KOMBINOVA\u0164<\/strong><br \/>\nKozmetick\u00fd olej sa v\u00fdborne kombinuje s kvetov\u00fdmi vodami \u2013 hydrol\u00e1tmi. Naneste olej na ple\u0165 \u010di poko\u017eku vopred o\u0161etren\u00fa hydrol\u00e1tom pre e\u0161te lep\u0161iu vstrebate\u013enos\u0165 a podporu hydrat\u00e1cie.<\/p>\n<p><strong>P\u00d4VOD V\u00ddROBKU<\/strong><br \/>\nPupalkov\u00fd olej je lisovan\u00fd zo pupalky dvojro\u010dnej\u00a0 (Oenothera Biennis), poch\u00e1dzaj\u00faci z ekologick\u00e9ho hospod\u00e1rstva a opatren\u00fd zn\u00e1mkou Eco-cert.<\/p>\n<p><strong>V\u00d4\u0147A V\u00ddROBKU<\/strong><br \/>\nV\u00fdrobok m\u00f4\u017ee ma\u0165 typick\u00fa prirodzen\u00fa ar\u00f3mu. T\u00e1to sa m\u00f4\u017ee v pr\u00edpade r\u00f4znych v\u00fdrobn\u00fdch \u0161ar\u017e\u00ed v\u010faka pr\u00edrodn\u00e9mu p\u00f4vodu surov\u00edn jemne l\u00ed\u0161i\u0165, odch\u00fdlka v\u0161ak nepredstavuje vadu produktu.<\/p>\n<p><strong>FARBA V\u00ddROBKU<\/strong><br \/>\nSfarbenie organick\u00e9ho oleja sa m\u00f4\u017ee v pr\u00edpade odli\u0161n\u00fdch \u0161ar\u017e\u00ed vzh\u013eadom na \u010disto pr\u00edrodn\u00fd p\u00f4vod v\u00fdrobku a prirodzen\u00fa r\u00f4znorodos\u0165 pr\u00edrodn\u00fdch surov\u00edn, z ktor\u00fdch je z\u00edskavan\u00fd, mierne l\u00ed\u0161i\u0165.<\/p>\n<p><strong>KONZISTENCIA V\u00ddROBKU<\/strong><br \/>\nV\u00fdrobok konzistenciu primerane hustej\u0161ej tekutiny.<\/p>\n<p><strong>KONZERVA\u010cN\u00dd SYST\u00c9M V\u00ddROBKU A DOBA POU\u017dITIA<\/strong><br \/>\nV\u00fdrobok neobsahuje pridan\u00e9 konzerva\u010dn\u00e9 l\u00e1tky.<\/p>\n<p><strong>OBAL V\u00ddROBKU A N\u00c1VRH NA RECYKL\u00c1CIU<\/strong><br \/>\nV\u00fdrobok je balen\u00fd v sklenenej f\u013ea\u0161ti\u010dke s praktickou pipetou. Obal je vratn\u00fd v r\u00e1mci n\u00e1\u0161ho recykla\u010dn\u00e9ho programu.<\/p>\n<p><strong>APLIK\u00c1CIA<\/strong><br \/>\nTelo a tv\u00e1r: Primeran\u00e9 mno\u017estvo pr\u00edpravku naneste prstami na \u010delo, l\u00edca a bradu, o\u0161etri\u0165 m\u00f4\u017eete krk, dekolt i poko\u017eku cel\u00e9ho tela. Jemne kr\u00fa\u017eiv\u00fdmi resp. klepav\u00fdmi pohybmi\u00a0 vmas\u00edrujte do poko\u017eky a nechajte vstreba\u0165.<br \/>\nVlasy: Primeran\u00e9 mno\u017estvo pr\u00edpravku naneste pred umyt\u00edm na vlasy a poko\u017eku hlavy pre dokonal\u00fa v\u00fd\u017eivu vlasovej poko\u017eky a such\u00fdch, roz\u0161tiepen\u00fdch kon\u010dekov vlasov, resp. n\u00e1sledne po ich umyt\u00ed na u\u013eah\u010denie roz\u010des\u00e1vania.<\/p>\n<p><strong>UPOZORNENIA<\/strong><br \/>\nUr\u010den\u00e9 na ka\u017edodenn\u00e9 pou\u017eitie. Len na vonkaj\u0161ie pou\u017eitie. Uchov\u00e1vajte mimo dosahu det\u00ed. Skladujte na chladnom a suchom mieste pri teplote do +35oC a nevystavujte priamemu slne\u010dn\u00e9mu \u017eiareniu, zdroju vlhkosti a mrazu. Nepou\u017e\u00edva\u0165 na otvoren\u00e9 rany. Vyhnite sa oblasti o\u010d\u00ed. Pri zasiahnut\u00ed o\u010d\u00ed vyplachujte vla\u017enou vodou po dobu minim\u00e1lne 15 min\u00fat bez preru\u0161enia smerom od vn\u00fatorn\u00e9ho k\u00fatika k vonkaj\u0161iemu (v pr\u00edpade nosenia kontaktn\u00fdch \u0161o\u0161oviek ich odstr\u00e1ni\u0165 vopred). Ak d\u00f4jde k podr\u00e1\u017edeniu, vyh\u013eadajte lek\u00e1rsku pomoc.<br \/>\nPred prv\u00fdm pou\u017eit\u00edm sa odpor\u00fa\u010da previes\u0165 tzv. Patch test, t. j. aplikova\u0165 a otestova\u0165 kozmetick\u00fd pr\u00edpravok na jeho zn\u00e1\u0161anlivos\u0165 na malej pl\u00f4\u0161ke poko\u017eky, najlep\u0161ie na z\u00e1p\u00e4st\u00ed a po\u010dka\u0165 24h. Touto met\u00f3dou sa m\u00f4\u017ee pred\u00eds\u0165 n\u00e1stupu alergick\u00fdch reakci\u00ed a precitlivenosti na dan\u00fd v\u00fdrobok. Ak po aplik\u00e1cii sa prejav\u00ed alergick\u00e1 reakcia, povrch poko\u017eky zmyte vla\u017enou vodou. V\u00fdrobok okam\u017eite presta\u0148te pou\u017e\u00edva\u0165. Ak alergick\u00e1 reakcia pretrv\u00e1 po dlh\u0161iu dobu vyh\u013eadajte lek\u00e1rsku pomoc.<\/p>\n<p><strong>ZLO\u017dENIE<\/strong><br \/>\nOenothera Biennis Oil\u00a0(pupalka dvojro\u010dn\u00e1)*<br \/>\n*certifikovan\u00e1 organick\u00e1 zlo\u017eka<\/p>\n","protected":false},"excerpt":{"rendered":"<p><strong>100% organick\u00fd pupalkov\u00fd olej lisovan\u00fd za studena<\/strong>\u00a0je v\u00fdborn\u00fdm prostriedkom pre starostlivos\u0165 a v\u00fd\u017eivu suchej, zrelej \u010di citlivej pleti, o\u0161etr\u00ed i jemn\u00e9 a k podr\u00e1\u017edeniu n\u00e1chyln\u00e9 o\u010dn\u00e9 okolie, prispieva k regener\u00e1cii poko\u017eky, eliminuje vr\u00e1sky, zvy\u0161uje pru\u017enos\u0165 a obranyschopnos\u0165 poko\u017eky.<\/p>\n<p>&gt;\u00a0<strong>ur\u010denie:<\/strong>\u00a0citliv\u00e1, zrel\u00e1 ple\u0165, o\u010dn\u00e9 okolie<br \/>\n&gt;\u00a0<strong>probl\u00e9m:<\/strong>\u00a0vr\u00e1sky a prejavy starnutia, ekz\u00e9m, psori\u00e1za<br \/>\n&gt;\u00a0<strong>\u00fa\u010dinky:<\/strong>\u00a0elasticita, pru\u017enos\u0165, v\u00fd\u017eiva<br \/>\n&gt;\u00a0<strong>pou\u017eitie:<\/strong>\u00a0ple\u0165, telo, vlasy<br \/>\n&gt;\u00a0<strong>stupe\u0148 komedogenity:<\/strong>\u00a02<\/p>\n<div id=\"gtx-trans\">\n<div class=\"gtx-trans-icon\">\n<p>\u00a0&gt; VEGAN PLE\u0164OV\u00dd OLEJ<br \/>\n&gt; BEZ PR\u00cdDAVN\u00ddCH L\u00c1TOK<br \/>\n&gt; VY\u017dIVUJE, REGENERUJE A SPEV\u0147UJE<br \/>\n&gt; PODR\u00c1\u017dDEN\u00c1, SUCH\u00c1 A ZREL\u00c1 PLE\u0164<\/p>\n<p>50ml<\/p>\n<\/div>\n<\/div>\n","protected":false},"featured_media":1344,"comment_status":"open","ping_status":"closed","template":"","meta":{"site-sidebar-layout":"default","site-content-layout":"","ast-site-content-layout":"default","site-content-style":"default","site-sidebar-style":"default","ast-global-header-display":"","ast-banner-title-visibility":"","ast-main-header-display":"","ast-hfb-above-header-display":"","ast-hfb-below-header-display":"","ast-hfb-mobile-header-display":"","site-post-title":"","ast-breadcrumbs-content":"","ast-featured-img":"","footer-sml-layout":"","theme-transparent-header-meta":"default","adv-header-id-meta":"","stick-header-meta":"","header-above-stick-meta":"","header-main-stick-meta":"","header-below-stick-meta":"","astra-migrate-meta-layouts":"set","ast-page-background-enabled":"default","ast-page-background-meta":{"desktop":{"background-color":"var(--ast-global-color-4)","background-image":"","background-repeat":"repeat","background-position":"center center","background-size":"auto","background-attachment":"scroll","background-type":"","background-media":"","overlay-type":"","overlay-color":"","overlay-opacity":"","overlay-gradient":""},"tablet":{"background-color":"","background-image":"","background-repeat":"repeat","background-position":"center center","background-size":"auto","background-attachment":"scroll","background-type":"","background-media":"","overlay-type":"","overlay-color":"","overlay-opacity":"","overlay-gradient":""},"mobile":{"background-color":"","background-image":"","background-repeat":"repeat","background-position":"center center","background-size":"auto","background-attachment":"scroll","background-type":"","background-media":"","overlay-type":"","overlay-color":"","overlay-opacity":"","overlay-gradient":""}},"ast-content-background-meta":{"desktop":{"background-color":"var(--ast-global-color-5)","background-image":"","background-repeat":"repeat","background-position":"center center","background-size":"auto","background-attachment":"scroll","background-type":"","background-media":"","overlay-type":"","overlay-color":"","overlay-opacity":"","overlay-gradient":""},"tablet":{"background-color":"var(--ast-global-color-5)","background-image":"","background-repeat":"repeat","background-position":"center center","background-size":"auto","background-attachment":"scroll","background-type":"","background-media":"","overlay-type":"","overlay-color":"","overlay-opacity":"","overlay-gradient":""},"mobile":{"background-color":"var(--ast-global-color-5)","background-image":"","background-repeat":"repeat","background-position":"center center","background-size":"auto","background-attachment":"scroll","background-type":"","background-media":"","overlay-type":"","overlay-color":"","overlay-opacity":"","overlay-gradient":""}}},"product_cat":[33],"product_tag":[],"class_list":{"0":"post-1343","1":"product","2":"type-product","3":"status-publish","4":"has-post-thumbnail","6":"product_cat-pletove-sera-a-oleje","7":"desktop-align-center","8":"tablet-align-center","9":"mobile-align-center","11":"first","12":"instock","13":"taxable","14":"shipping-taxable","15":"purchasable","16":"product-type-simple"},"_links":{"self":[{"href":"https:\/\/mmtest1.top\/index.php?rest_route=\/wp\/v2\/product\/1343","targetHints":{"allow":["GET"]}}],"collection":[{"href":"https:\/\/mmtest1.top\/index.php?rest_route=\/wp\/v2\/product"}],"about":[{"href":"https:\/\/mmtest1.top\/index.php?rest_route=\/wp\/v2\/types\/product"}],"replies":[{"embeddable":true,"href":"https:\/\/mmtest1.top\/index.php?rest_route=%2Fwp%2Fv2%2Fcomments&post=1343"}],"wp:featuredmedia":[{"embeddable":true,"href":"https:\/\/mmtest1.top\/index.php?rest_route=\/wp\/v2\/media\/1344"}],"wp:attachment":[{"href":"https:\/\/mmtest1.top\/index.php?rest_route=%2Fwp%2Fv2%2Fmedia&parent=1343"}],"wp:term":[{"taxonomy":"product_cat","embeddable":true,"href":"https:\/\/mmtest1.top\/index.php?rest_route=%2Fwp%2Fv2%2Fproduct_cat&post=1343"},{"taxonomy":"product_tag","embeddable":true,"href":"https:\/\/mmtest1.top\/index.php?rest_route=%2Fwp%2Fv2%2Fproduct_tag&post=1343"}],"curies":[{"name":"wp","href":"https:\/\/api.w.org\/{rel}","templated":true}]}}