{"id":1333,"date":"2024-02-13T16:08:44","date_gmt":"2024-02-13T15:08:44","guid":{"rendered":"https:\/\/mmtest1.top\/?post_type=product&#038;p=1333"},"modified":"2024-02-13T16:08:44","modified_gmt":"2024-02-13T15:08:44","slug":"moringa-antioxidacna-pletova-maska","status":"publish","type":"product","link":"https:\/\/mmtest1.top\/?product=moringa-antioxidacna-pletova-maska","title":{"rendered":"MORINGA &#8211; ANTIOXIDA\u010cN\u00c1 PLE\u0164OV\u00c1 MASKA"},"content":{"rendered":"<p>K udr\u017eaniu zdravia a kr\u00e1sy \u010distej a \u017eiarivej pleti bez poch\u00fdb patria aj \u010distiace ritu\u00e1ly, v\u010faka ktor\u00fdm ple\u0165 zbav\u00edme ne\u010dist\u00f4t, pom\u00f4\u017eeme jej n\u00e1js\u0165 vlastn\u00fa rovnov\u00e1hu a priprav\u00edme ju na vstreb\u00e1vanie n\u00e1sledne aplikovan\u00fdch vy\u017eivuj\u00facich a hydrata\u010dn\u00fdch pr\u00edpravkov. Ide\u00e1lnym prostriedkom pre docielenie \u017eelan\u00fdch v\u00fdsledkov s\u00fa tie\u017e soaphoristick\u00e9 masky na tv\u00e1r. Ple\u0165ov\u00e1 maska predstavuje \u00fa\u010dinn\u00fd prostriedok pre docielenie \u017eelan\u00fdch v\u00fdsledkov v podobe kr\u00e1snej, zdravej a \u017eiarivej pleti. Vyv\u00e1\u017eenou kombin\u00e1ciou \u010distiacich a akt\u00edvnych l\u00e1tok zabezpe\u010d\u00ed pre\u010distenie poko\u017eky a p\u00f3rov a z\u00e1rove\u0148 upokojenie pleti v pr\u00edpade podr\u00e1\u017edenia. \u010cisto pr\u00edrodn\u00e9 zlo\u017eenie pravideln\u00fdm pou\u017e\u00edvan\u00edm prispieva k zlep\u0161eniu stavu pleti, neza\u0165a\u017euje ju, ale osvie\u017euje a jemne stimuluje k r\u00fdchlej\u0161ej obnove ko\u017en\u00fdch buniek.<\/p>\n<p><strong>OBSAH<\/strong><br \/>\n50 ml<\/p>\n<p><strong>N\u00c1\u0160 TIP<\/strong><br \/>\nPle\u0165ov\u00fa masku v\u017edy aplikujte na d\u00f4kladne odl\u00ed\u010den\u00fa a umyt\u00fa ple\u0165.<br \/>\nPou\u017e\u00edvajte v\u00fdrobok pravidelne, aby ste dosiahli tie najlep\u0161ie v\u00fdsledky.<br \/>\nV pr\u00edpade, \u017ee po n\u00e1ro\u010dnom dni nem\u00e1te \u010das na dlh\u00e9 \u201emaskovanie\u201c, pou\u017eite Moringa masku ako \u010disti\u010d \u2013 jednoducho naberte mal\u00e9 mno\u017estvo v\u00fdrobku, kr\u00fa\u017eiv\u00fdmi pohybmi ho aplikujte na ple\u0165, krk a dekolt a zmyte vodou vhodnej teploty.<\/p>\n<p><strong>ODPOR\u00da\u010cAME KOMBINOVA\u0164<\/strong><br \/>\nK udr\u017eaniu zdravia a kr\u00e1sy \u010distej a \u017eiarivej pleti bez poch\u00fdb patria aj \u010distiace ritu\u00e1ly, v\u010faka ktor\u00fdm ple\u0165 zbav\u00edme ne\u010dist\u00f4t, pom\u00f4\u017eeme jej n\u00e1js\u0165 vlastn\u00fa rovnov\u00e1hu a priprav\u00edme ju na vstreb\u00e1vanie n\u00e1sledne aplikovan\u00fdch vy\u017eivuj\u00facich a hydrata\u010dn\u00fdch pr\u00edpravkov. Ple\u0165ov\u00e1 maska predstavuje \u00fa\u010dinn\u00fd prostriedok pre docielenie \u017eelan\u00fdch v\u00fdsledkov v podobe kr\u00e1snej, zdravej a \u017eiarivej pleti. Vyv\u00e1\u017eenou kombin\u00e1ciou \u010distiacich a akt\u00edvnych l\u00e1tok zabezpe\u010d\u00ed pre\u010distenie poko\u017eky a p\u00f3rov a z\u00e1rove\u0148 upokojenie pleti v pr\u00edpade podr\u00e1\u017edenia. \u010cisto pr\u00edrodn\u00e9 zlo\u017eenie pravideln\u00fdm pou\u017e\u00edvan\u00edm prispieva k zlep\u0161eniu stavu pleti, neza\u0165a\u017euje ju, ale osvie\u017euje a jemne stimuluje k r\u00fdchlej\u0161ej obnove ko\u017en\u00fdch buniek.<\/p>\n<p><strong>V\u00d4\u0147A V\u00ddROBKU<\/strong><br \/>\nV\u00fdrobok neobsahuje pridan\u00fa parfum\u00e1ciu, m\u00e1 charakteristick\u00fa pr\u00edjemn\u00fa bylinkov\u00fa v\u00f4\u0148u.<\/p>\n<p><strong>FARBA V\u00ddROBKU<\/strong><br \/>\nV\u00fdrobok za svoje sivozelen\u00e9 sfarbenie v\u010fa\u010d\u00ed najm\u00e4 obsiahnut\u00fdm \u00edlom a vysok\u00e9mu podielu bylinn\u00fdch pr\u00e1\u0161kov.<\/p>\n<p><strong>KONZISTENCIA V\u00ddROBKU<\/strong><br \/>\nV\u00fdrobok m\u00e1 nemastn\u00fa, \u013eahko aplikovate\u013en\u00fa konzistenciu hust\u00e9ho kr\u00e9mu.<\/p>\n<p><strong>KONZERVA\u010cN\u00dd SYST\u00c9M V\u00ddROBKU A DOBA POU\u017dITIA<\/strong><br \/>\nV\u00fdrobok neobsahuje syntetick\u00e9 konzerva\u010dn\u00e9 l\u00e1tky. Pri pou\u017e\u00edvan\u00ed v\u00fdrobku dbajte na \u010distotu r\u00fak a chr\u00e1\u0148te obsah pred kontaktom s vodou a ne\u010distotami. Pri spr\u00e1vnom skladovan\u00ed odpor\u00fa\u010dame v\u00fdrobok spotrebova\u0165 do 6 mesiacov od otvorenia.<\/p>\n<p><strong>OBAL V\u00ddROBKU A N\u00c1VRH NA RECYKL\u00c1CIU<\/strong><br \/>\nProdukt je balen\u00fd v ekologickom sklenom obale s praktick\u00fdm PET uz\u00e1verom. Sklo predstavuje odoln\u00fd inertn\u00fd materi\u00e1l, v\u010faka \u010domu je obsah v\u00fdrobku chr\u00e1nen\u00fd. Navy\u0161e je sklen\u00e9 balenie mo\u017en\u00e9 op\u00e4tovne vyu\u017ei\u0165 v dom\u00e1cnosti alebo plnohodnotne recyklova\u0165.<br \/>\nObal v\u00fdrobku je vratn\u00fd v r\u00e1mci n\u00e1\u0161ho recykla\u010dn\u00e9ho programu.<br \/>\nV pr\u00edpade, \u017ee sa rozhodnete obal v\u00fdrobku vyhodi\u0165, po oddelen\u00ed PET uz\u00e1veru ho vho\u010fte do zelen\u00e9ho kontajnera ur\u010den\u00e9ho na zber sklen\u00e9ho odpadu.<\/p>\n<p><strong>APLIK\u00c1CIA<\/strong><br \/>\nAko maska: Pomocou kozmetick\u00e9ho \u0161tetca \u010di \u0161pachtle, resp. prstami r\u00fak, naneste primeran\u00e9 mno\u017estvo pr\u00edpravku na ple\u0165. Vynechajte oblasti okolo o\u010d\u00ed a \u00fast. Nechajte p\u00f4sobi\u0165 do doby zaschnutia (cca. 15-20 min\u00fat) a n\u00e1sledne opl\u00e1chnite vla\u017enou vodou. Odpor\u00fa\u010dame pou\u017e\u00edva\u0165 maxim\u00e1lne trikr\u00e1t do t\u00fd\u017ed\u0148a.<br \/>\nAko \u010disti\u010d: Kr\u00fa\u017eiv\u00fdmi pohybmi r\u00fak a prstov, hubky \u010di kefy, naneste primeran\u00e9 mno\u017estvo pr\u00edpravku na navlh\u010den\u00fa ple\u0165. N\u00e1sledne opl\u00e1chnite vla\u017enou vodou. Ur\u010den\u00e9 na ka\u017edodenn\u00e9 pou\u017eitie.<\/p>\n<p><strong>UPOZORNENIA<\/strong><br \/>\nLen na vonkaj\u0161ie pou\u017eitie. Uchov\u00e1vajte mimo dosahu det\u00ed. Skladujte na chladnom a suchom mieste a nevystavujte priamemu slne\u010dn\u00e9mu \u017eiareniu, zdroju vlhkosti a mrazu. Nepou\u017e\u00edva\u0165 na otvoren\u00e9 rany. Vyhnite sa oblasti o\u010d\u00ed. Pri zasiahnut\u00ed o\u010d\u00ed vyplachujte vla\u017enou vodou po dobu minim\u00e1lne 15 min\u00fat bez preru\u0161enia smerom od vn\u00fatorn\u00e9ho k\u00fatika k vonkaj\u0161iemu (v pr\u00edpade nosenia kontaktn\u00fdch \u0161o\u0161oviek ich odstr\u00e1ni\u0165 vopred). Ak d\u00f4jde k podr\u00e1\u017edeniu, vyh\u013eadajte lek\u00e1rsku pomoc.<br \/>\nPred prv\u00fdm pou\u017eit\u00edm sa odpor\u00fa\u010da previes\u0165 tzv. Patch test, t. j. aplikova\u0165 a otestova\u0165 kozmetick\u00fd pr\u00edpravok na jeho zn\u00e1\u0161anlivos\u0165 na malej pl\u00f4\u0161ke poko\u017eky, najlep\u0161ie na z\u00e1p\u00e4st\u00ed a po\u010dka\u0165 24h. Touto met\u00f3dou sa m\u00f4\u017ee pred\u00eds\u0165 n\u00e1stupu alergick\u00fdch reakci\u00ed a precitlivenosti na dan\u00fd v\u00fdrobok. Ak po aplik\u00e1cii sa prejav\u00ed alergick\u00e1 reakcia, povrch poko\u017eky zmyte vla\u017enou vodou. V\u00fdrobok okam\u017eite presta\u0148te pou\u017e\u00edva\u0165. Ak alergick\u00e1 reakcia pretrv\u00e1 po dlh\u0161iu dobu vyh\u013eadajte lek\u00e1rsku pomoc.<\/p>\n<p><strong>ZLO\u017dENIE<\/strong><br \/>\nMontmorillonite (zelen\u00fd \u00edl)*, Illite (\u017elt\u00fd \u00edl)*, Kaolin (biely \u00edl)*, Glycerin(glycer\u00edn rastlinn\u00e9ho p\u00f4vodu)*, Moringa Oleifera Leaf Powder (moringa olejodarn\u00e1)*, Citrus Reticulata Peel Oil (tanger\u00ednka)*, Ferulic Acid (kyselina ferulov\u00e1), ***Limonene, ***Linalool<br \/>\n*certifikovan\u00e1 organick\u00e1 zlo\u017eka<br \/>\n***vyskytuj\u00face sa prirodzene v esenci\u00e1lnych olejoch a pr\u00edrodn\u00fdch v\u00f4\u0148ach<\/p>\n","protected":false},"excerpt":{"rendered":"<p><strong>Antioxida\u010dn\u00e1 ple\u0165ov\u00e1 maska pln\u00e1 vitam\u00ednov a aminokysel\u00edn<\/strong>\u00a0s obsahom zelen\u00e9ho, \u017elt\u00e9ho a bieleho \u00edlu, vz\u00e1cneho moringov\u00e9ho pr\u00e1\u0161ku a tanger\u00ednkovej silice. Trojkombin\u00e1cia \u00edlov<strong>\u00a0cielene pre\u010dist\u00ed zanesen\u00fa ple\u0165, vytiahne tox\u00edny a ne\u010distoty usaden\u00e9 v p\u00f3roch, jemne odstra\u0148uje odumret\u00e9 bunky z povrchu pleti.<\/strong>\u00a0Pr\u00e1\u0161ok z moringy olejnatej predstavuje z<strong>droj vz\u00e1cnych a siln\u00fdch antioxidantov a \u017eiv\u00edn prospe\u0161n\u00fdch pre kr\u00e1su a rovnov\u00e1hu pleti.<\/strong>\u00a0Kyselina ferulov\u00e1\u00a0<strong>pom\u00e1ha eliminova\u0165 prejavy starnutia<\/strong>\u00a0v\u010faka svojim anti-aging \u00fa\u010dinkom, k\u00fdm silica z tanger\u00ednky osvie\u017ei.\u00a0<strong>Maska kr\u00e1sne \u010dist\u00ed, revitalizuje, rozjas\u0148uje a ochra\u0148uje ple\u0165.<\/strong><\/p>\n<p>Pr\u00edrodn\u00e1 ple\u0165ov\u00e1 maska Moringa je\u00a0<strong>vhodn\u00e1 pre v\u0161etky typy pleti, zvl\u00e1\u0161\u0165 pre such\u00fa, mdl\u00fa, oslaben\u00fa a zrel\u00fa.<\/strong><\/p>\n<p>&gt; \u010disto pr\u00edrodn\u00e9 zlo\u017eenie s bohat\u00fdm obsahom akt\u00edvnych l\u00e1tok prospe\u0161n\u00fdch pre zdravie a kr\u00e1su pleti<br \/>\n&gt; pr\u00edjemn\u00e1 hust\u00e1 konzistencia pre praktick\u00fa a jednoduch\u00fa aplik\u00e1ciu ako maska alebo \u010disti\u010d<br \/>\n&gt; \u010dist\u00ed a tonizuje, zjem\u0148uje a posil\u0148uje \u0161trukt\u00faru pleti, omladzuje a pom\u00e1ha bojova\u0165 so zn\u00e1mkami starnutia<br \/>\n&gt; predstavuje dokonal\u00fa s\u00fa\u010das\u0165 rutinnej starostlivosti o ple\u0165, ktor\u00e1 vedie ku kr\u00e1snej a \u017eiarivej poko\u017eke a zdrav\u00e9mu jednotn\u00e9mu t\u00f3nu pleti<\/p>\n","protected":false},"featured_media":1335,"comment_status":"open","ping_status":"closed","template":"","meta":{"site-sidebar-layout":"default","site-content-layout":"","ast-site-content-layout":"default","site-content-style":"default","site-sidebar-style":"default","ast-global-header-display":"","ast-banner-title-visibility":"","ast-main-header-display":"","ast-hfb-above-header-display":"","ast-hfb-below-header-display":"","ast-hfb-mobile-header-display":"","site-post-title":"","ast-breadcrumbs-content":"","ast-featured-img":"","footer-sml-layout":"","theme-transparent-header-meta":"default","adv-header-id-meta":"","stick-header-meta":"","header-above-stick-meta":"","header-main-stick-meta":"","header-below-stick-meta":"","astra-migrate-meta-layouts":"set","ast-page-background-enabled":"default","ast-page-background-meta":{"desktop":{"background-color":"var(--ast-global-color-4)","background-image":"","background-repeat":"repeat","background-position":"center center","background-size":"auto","background-attachment":"scroll","background-type":"","background-media":"","overlay-type":"","overlay-color":"","overlay-opacity":"","overlay-gradient":""},"tablet":{"background-color":"","background-image":"","background-repeat":"repeat","background-position":"center center","background-size":"auto","background-attachment":"scroll","background-type":"","background-media":"","overlay-type":"","overlay-color":"","overlay-opacity":"","overlay-gradient":""},"mobile":{"background-color":"","background-image":"","background-repeat":"repeat","background-position":"center center","background-size":"auto","background-attachment":"scroll","background-type":"","background-media":"","overlay-type":"","overlay-color":"","overlay-opacity":"","overlay-gradient":""}},"ast-content-background-meta":{"desktop":{"background-color":"var(--ast-global-color-5)","background-image":"","background-repeat":"repeat","background-position":"center center","background-size":"auto","background-attachment":"scroll","background-type":"","background-media":"","overlay-type":"","overlay-color":"","overlay-opacity":"","overlay-gradient":""},"tablet":{"background-color":"var(--ast-global-color-5)","background-image":"","background-repeat":"repeat","background-position":"center center","background-size":"auto","background-attachment":"scroll","background-type":"","background-media":"","overlay-type":"","overlay-color":"","overlay-opacity":"","overlay-gradient":""},"mobile":{"background-color":"var(--ast-global-color-5)","background-image":"","background-repeat":"repeat","background-position":"center center","background-size":"auto","background-attachment":"scroll","background-type":"","background-media":"","overlay-type":"","overlay-color":"","overlay-opacity":"","overlay-gradient":""}}},"product_cat":[36],"product_tag":[],"class_list":{"0":"post-1333","1":"product","2":"type-product","3":"status-publish","4":"has-post-thumbnail","6":"product_cat-pletove-masky","7":"desktop-align-center","8":"tablet-align-center","9":"mobile-align-center","11":"first","12":"instock","13":"taxable","14":"shipping-taxable","15":"purchasable","16":"product-type-simple"},"_links":{"self":[{"href":"https:\/\/mmtest1.top\/index.php?rest_route=\/wp\/v2\/product\/1333","targetHints":{"allow":["GET"]}}],"collection":[{"href":"https:\/\/mmtest1.top\/index.php?rest_route=\/wp\/v2\/product"}],"about":[{"href":"https:\/\/mmtest1.top\/index.php?rest_route=\/wp\/v2\/types\/product"}],"replies":[{"embeddable":true,"href":"https:\/\/mmtest1.top\/index.php?rest_route=%2Fwp%2Fv2%2Fcomments&post=1333"}],"wp:featuredmedia":[{"embeddable":true,"href":"https:\/\/mmtest1.top\/index.php?rest_route=\/wp\/v2\/media\/1335"}],"wp:attachment":[{"href":"https:\/\/mmtest1.top\/index.php?rest_route=%2Fwp%2Fv2%2Fmedia&parent=1333"}],"wp:term":[{"taxonomy":"product_cat","embeddable":true,"href":"https:\/\/mmtest1.top\/index.php?rest_route=%2Fwp%2Fv2%2Fproduct_cat&post=1333"},{"taxonomy":"product_tag","embeddable":true,"href":"https:\/\/mmtest1.top\/index.php?rest_route=%2Fwp%2Fv2%2Fproduct_tag&post=1333"}],"curies":[{"name":"wp","href":"https:\/\/api.w.org\/{rel}","templated":true}]}}