{"id":1303,"date":"2024-02-13T13:29:57","date_gmt":"2024-02-13T12:29:57","guid":{"rendered":"https:\/\/mmtest1.top\/?post_type=product&#038;p=1303"},"modified":"2024-02-13T13:29:57","modified_gmt":"2024-02-13T12:29:57","slug":"poppy-correct-me-korekcne-liftingove-serum","status":"publish","type":"product","link":"https:\/\/mmtest1.top\/?product=poppy-correct-me-korekcne-liftingove-serum","title":{"rendered":"POPPY CORRECT ME! KOREK\u010cN\u00c9 LIFTINGOV\u00c9 S\u00c9RUM"},"content":{"rendered":"<p>Vyv\u00e1\u017een\u00e1 kombin\u00e1cia bio makov\u00e9ho, \u0161\u00edpkov\u00e9ho, pupalkov\u00e9ho, malinov\u00e9ho, mrkvov\u00e9ho a sezamov\u00e9ho oleja, ktor\u00e9 spolo\u010dne bojuj\u00fa proti nepriazniv\u00fdm vplyvom a udr\u017eiavaj\u00fa ple\u0165 kr\u00e1snu a mlad\u00fa. S\u00e9rum s obsahom \u0161peci\u00e1lnych esenci\u00e1lnych olejov \u00fa\u010dinne upokojuj\u00fa, tonizuj\u00fa a regeneruj\u00fa ple\u0165. Zlo\u017eenie odbremen\u00ed ple\u0165 od suchosti a precitlivenosti, obnovuje pru\u017enos\u0165 a vyp\u00edna ple\u0165, zjem\u0148uje l\u00ednie a dokonale ju ochra\u0148uje.<\/p>\n<p><strong>Aplik\u00e1cia a odpor\u00fa\u010dania:<\/strong><br \/>\nPred pou\u017eit\u00edm pretrepte. V\u00fdrobok naneste pomocou prstov alebo aplik\u00e1tora na vy\u010disten\u00fa a tonizovan\u00fa ple\u0165. Nechajte plne vstreba\u0165. Aplikujte ako posledn\u00fd krok starostlivosti. Odpor\u00fa\u010dame kombinova\u0165 s Poppy Clear me! \u010distiacim a odli\u010dovac\u00edm balzamom a Poppy Beauty me! Hydrata\u010dn\u00fdm kr\u00e9mom.<\/p>\n<p><strong>\u00da\u010dinok:<\/strong>\u00a0vyhladenie, vyplnenie, upokojenie, korekcia, dodanie akt\u00edvnych l\u00e1tok,<\/p>\n<p><strong>Konzistencia:<\/strong>\u00a0nemastn\u00e1 a nelepiv\u00e1 olejov\u00e1 konzistencia s r\u00fdchlou vstreb\u00e1vate\u013enos\u0165ou<\/p>\n<p><strong>V\u00f4\u0148a:<\/strong>\u00a0Charakteristick\u00e1 v\u00f4\u0148a obsiahnut\u00fdch zlo\u017eiek. Bez obsahu syntetickej parfum\u00e1cie.<\/p>\n<p><strong>Typ pleti:<\/strong>\u00a0v\u0161etky typy pleti vr\u00e1tane ve\u013emi citlivej, v\u0161etky vekov\u00e9 kateg\u00f3rie<\/p>\n<p><strong>INCI:<\/strong>\u00a0Simmondsia Chinensis Seed Oil, Vitis Vinifera Seed Oil, Prunus Armeniaca Kernel Oil, Rosa Moschata Seed Oil, Papaver Somniferum Seed Oil, Oenothera Biennis Oil, Helianthus Annuus Seed Oil, Vanilla Planifolia Extract, Sesamum Indicum Seed Oil, Rubus Idaeus Seed Oil, Daucus Carota Root Extract, Sorbitan Olivate, Tocopheryl Acetate, Rosa Damascena Flower Extract, Jasminum Sambac Flower Extract, Anthemis Nobilis Flower Oil, Cymbopogon Aurantium Amara Flower Oil, Citrus Aurantium Amara Flower Oil, Helichrysum Italicum, Citronellol, Geraniol, Limonene, Linalool, Eugenol, Citral, Amyl Cinnamal, Benzyl Salicylate<\/p>\n<p><strong>Obsah:<\/strong>\u00a030ml<\/p>\n","protected":false},"excerpt":{"rendered":"<p>&#8211;\u00a0\u00a0 \u00a0upokojenie, ochrana a protivr\u00e1skov\u00fd \u00fa\u010dinok v jednom kroku<br \/>\n&#8211;\u00a0\u00a0 \u00a0dod\u00e1va \u017eiviny, uzamyk\u00e1 vlahu, eliminuje podr\u00e1\u017edenie, odstra\u0148uje zn\u00e1mky \u00fanavy<br \/>\n&#8211;\u00a0\u00a0 \u00a0chr\u00e1ni pred zne\u010disten\u00edm \u017eivotn\u00e9ho prostredia<br \/>\n&#8211;\u00a0\u00a0 \u00a0regeneruje a poskytuje \u00fa\u013eavu od pnutia, za\u010dervenania a nezdrav\u00fdch prejavov pleti<br \/>\n&#8211;\u00a0\u00a0 \u00a0zjem\u0148uje jemn\u00e9 linky, zjednocuje, obnovuje pru\u017enos\u0165 a vyp\u00edna ple\u0165<br \/>\n&#8211;\u00a0\u00a0 \u00a0nemastn\u00e1 a nelepiv\u00e1 olejov\u00e1 konzistencia, neupch\u00e1va p\u00f3ry<\/p>\n","protected":false},"featured_media":1305,"comment_status":"open","ping_status":"closed","template":"","meta":{"site-sidebar-layout":"default","site-content-layout":"","ast-site-content-layout":"default","site-content-style":"default","site-sidebar-style":"default","ast-global-header-display":"","ast-banner-title-visibility":"","ast-main-header-display":"","ast-hfb-above-header-display":"","ast-hfb-below-header-display":"","ast-hfb-mobile-header-display":"","site-post-title":"","ast-breadcrumbs-content":"","ast-featured-img":"","footer-sml-layout":"","theme-transparent-header-meta":"default","adv-header-id-meta":"","stick-header-meta":"","header-above-stick-meta":"","header-main-stick-meta":"","header-below-stick-meta":"","astra-migrate-meta-layouts":"set","ast-page-background-enabled":"default","ast-page-background-meta":{"desktop":{"background-color":"var(--ast-global-color-4)","background-image":"","background-repeat":"repeat","background-position":"center center","background-size":"auto","background-attachment":"scroll","background-type":"","background-media":"","overlay-type":"","overlay-color":"","overlay-opacity":"","overlay-gradient":""},"tablet":{"background-color":"","background-image":"","background-repeat":"repeat","background-position":"center center","background-size":"auto","background-attachment":"scroll","background-type":"","background-media":"","overlay-type":"","overlay-color":"","overlay-opacity":"","overlay-gradient":""},"mobile":{"background-color":"","background-image":"","background-repeat":"repeat","background-position":"center center","background-size":"auto","background-attachment":"scroll","background-type":"","background-media":"","overlay-type":"","overlay-color":"","overlay-opacity":"","overlay-gradient":""}},"ast-content-background-meta":{"desktop":{"background-color":"var(--ast-global-color-5)","background-image":"","background-repeat":"repeat","background-position":"center center","background-size":"auto","background-attachment":"scroll","background-type":"","background-media":"","overlay-type":"","overlay-color":"","overlay-opacity":"","overlay-gradient":""},"tablet":{"background-color":"var(--ast-global-color-5)","background-image":"","background-repeat":"repeat","background-position":"center center","background-size":"auto","background-attachment":"scroll","background-type":"","background-media":"","overlay-type":"","overlay-color":"","overlay-opacity":"","overlay-gradient":""},"mobile":{"background-color":"var(--ast-global-color-5)","background-image":"","background-repeat":"repeat","background-position":"center center","background-size":"auto","background-attachment":"scroll","background-type":"","background-media":"","overlay-type":"","overlay-color":"","overlay-opacity":"","overlay-gradient":""}}},"product_cat":[33],"product_tag":[],"class_list":{"0":"post-1303","1":"product","2":"type-product","3":"status-publish","4":"has-post-thumbnail","6":"product_cat-pletove-sera-a-oleje","7":"desktop-align-center","8":"tablet-align-center","9":"mobile-align-center","11":"first","12":"instock","13":"taxable","14":"shipping-taxable","15":"purchasable","16":"product-type-simple"},"_links":{"self":[{"href":"https:\/\/mmtest1.top\/index.php?rest_route=\/wp\/v2\/product\/1303","targetHints":{"allow":["GET"]}}],"collection":[{"href":"https:\/\/mmtest1.top\/index.php?rest_route=\/wp\/v2\/product"}],"about":[{"href":"https:\/\/mmtest1.top\/index.php?rest_route=\/wp\/v2\/types\/product"}],"replies":[{"embeddable":true,"href":"https:\/\/mmtest1.top\/index.php?rest_route=%2Fwp%2Fv2%2Fcomments&post=1303"}],"wp:featuredmedia":[{"embeddable":true,"href":"https:\/\/mmtest1.top\/index.php?rest_route=\/wp\/v2\/media\/1305"}],"wp:attachment":[{"href":"https:\/\/mmtest1.top\/index.php?rest_route=%2Fwp%2Fv2%2Fmedia&parent=1303"}],"wp:term":[{"taxonomy":"product_cat","embeddable":true,"href":"https:\/\/mmtest1.top\/index.php?rest_route=%2Fwp%2Fv2%2Fproduct_cat&post=1303"},{"taxonomy":"product_tag","embeddable":true,"href":"https:\/\/mmtest1.top\/index.php?rest_route=%2Fwp%2Fv2%2Fproduct_tag&post=1303"}],"curies":[{"name":"wp","href":"https:\/\/api.w.org\/{rel}","templated":true}]}}